{"id":7139,"date":"2022-01-01T20:00:09","date_gmt":"2022-01-01T19:00:09","guid":{"rendered":"https:\/\/ad-dialoguesange.org\/?post_type=tribe_events&#038;p=7139"},"modified":"2025-05-05T10:52:40","modified_gmt":"2025-05-05T08:52:40","slug":"dialogues-ange-marguerite-kardos-mars-2022","status":"publish","type":"tribe_events","link":"https:\/\/ad-dialoguesange.org\/hu\/event\/dialogues-ange-marguerite-kardos-mars-2022\/","title":{"rendered":"Ha \u00e9gsz, a mennyorsz\u00e1g benned van - Kardos Margit"},"content":{"rendered":"<h1 style=\"text-align: center;\">Si tu br\u00fbles, le Ciel est en toi<\/h1>\n<h4 style=\"text-align: center;\">Gyakornoks\u00e1g a<\/h4>\n<h2 style=\"text-align: center;\">Kardos Margit<\/h2>\n<h3 style=\"text-align: center;\">Du samedi 26 au dimanche 27 mars 2022<\/h3>\n<h5 style=\"text-align: center;\">A Cit\u00e9 des Consciences-ben (P\u00e1rizs)<br \/>\nou en visioconf\u00e9rence (Zoom)<\/h5>\n<p style=\"text-align: center;\"><em>\u00ab Si tu br\u00fbles, le Ciel est en toi,<\/em><br \/>\n<em>il n\u2019y a donc rien d\u2019impossible pour toi \u00bb<\/em><br \/>\n<em>(Entretien 16 avec Gitta)<\/em><\/p>\n<p><em>az angyal v\u00e1laszol<\/em>A rem\u00e9ny \u00e9s a hit eme \u00fczenete \u00e9get\u0151 aktualit\u00e1ssal rezon\u00e1l az \u00e1tmenet idej\u00e9n. Olvas\u00f3k milli\u00f3i t\u00e1pl\u00e1lkoznak vil\u00e1gszerte\u00a0<em>az angyal v\u00e1laszol<\/em>22 nyelvre ford\u00edtott\u00e1k le.<\/p>\n<p>Kardos Margit \u00e1ltal szervezett tal\u00e1lkoz\u00f3, hogy t\u00f6bbet tudjunk meg \u00e9s elm\u00e9ly\u00edts\u00fck a spiritu\u00e1lis tan\u00edt\u00e1sokat a\u00a0<em>P\u00e1rbesz\u00e9dek az angyallal<\/em>\u00a0\u00e9s seg\u00edteni a r\u00e9sztvev\u0151knek, hogy ezt a mindennapokban is meg\u00e9lj\u00e9k.<\/p>\n<p>A kurzust a k\u00f6vetkez\u0151 m\u0171vek olvas\u00e1sa szak\u00edtja meg\u00a0<em>az angyal v\u00e1laszol<\/em>Ez az alkalom a medit\u00e1ci\u00f3ra, a k\u00e9rd\u00e9sek cser\u00e9j\u00e9re \u00e9s megoszt\u00e1s\u00e1ra, valamint a sz\u00f6veg \u00e9s a saj\u00e1t tapasztalataink k\u00f6z\u00f6tti rezonanci\u00e1ra szolg\u00e1l, a sum\u00e9r, perzsa, h\u00e9ber \u00e9s kereszt\u00e9ny angyalok t\u00fcnd\u00f6kl\u0151 tekintete alatt, a b\u0151s\u00e9ges ikonogr\u00e1fi\u00e1nak k\u00f6sz\u00f6nhet\u0151en.<\/p>\n<p>Az angyalok tan\u00edt\u00e1sa \u00faj szemeket \u00e9s f\u00fcleket nyit meg, \u00e9s hozz\u00e1f\u00e9r\u00e9st biztos\u00edt a benn\u00fcnk rejl\u0151 ismeretlenhez.<\/p>\n<p><em>Stage r\u00e9serv\u00e9 aux membres de l&rsquo;association \u00c0 Ciel Ouvert Paris, dans la limite des places disponibles<\/em><\/p>\n<h4>Hangsz\u00f3r\u00f3k<\/h4>\n<figure id=\"attachment_39689\" aria-describedby=\"caption-attachment-39689\" style=\"width: 150px\" class=\"wp-caption alignleft\"><img loading=\"lazy\" decoding=\"async\" class=\"wp-image-39689 size-thumbnail\" src=\"https:\/\/acielouvertparis.org\/wp-content\/uploads\/2020\/11\/Marguerite_Kardos-Portrait_Home-Carre-150x150.jpg\" alt=\"Marguerite Kardos\" width=\"150\" height=\"150\" \/><figcaption id=\"caption-attachment-39689\" class=\"wp-caption-text\">Kardos Margit<\/figcaption><\/figure>\n<p><strong>Kardos Margit<\/strong> nyelv\u00e9sz \u00e9s orientalista, szakter\u00fclete a K\u00f6zel-Kelet, Sumer \u00e9s a szent gy\u00f3gyszerek. Emellett terapeuta, a hagyom\u00e1nyos k\u00ednai energetika oktat\u00f3ja \u00e9s a <a href=\"https:\/\/acielouvertparis.org\/\">l&rsquo;association \u00c0 Ciel Ouvert Paris<\/a>.<\/p>\n<p>D&rsquo;origine hongroise et amie proche de Gitta Mallasz, elle est pr\u00e9sidente de l\u2019association <a href=\"https:\/\/ad-dialoguesange.org\/hu\/\" target=\"_blank\" rel=\"noopener noreferrer\">ADDA<\/a> amely elosztja <em>az angyal v\u00e1laszol<\/em>.<\/p>\n<h4>Gyakorlati inform\u00e1ci\u00f3k<\/h4>\n<h5>Menetrend :<\/h5>\n<p>Stage sur 2 jours du samedi 26 mars 2022 de 14h \u00e0 18h30 au dimanche 27 mars 2022 de 10h \u00e0 17h.<\/p>\n<ul>\n<li>Fogad\u00e1s szombaton 13.30-t\u00f3l;<\/li>\n<li>A tanfolyam szombaton 14.00 \u00f3rakor kezd\u0151dik;<\/li>\n<li>A tanfolyam vas\u00e1rnap 17 \u00f3rakor \u00e9r v\u00e9get.<\/li>\n<\/ul>\n<h5>\u00c1rak :<\/h5>\n<h6>Szem\u00e9lyesen a Cit\u00e9 des Consciences-ben :<\/h6>\n<ul>\n<li>T\u00e1mogat\u00e1si kulcs (a kedvezm\u00e9nyes \u00e9s ifj\u00fas\u00e1gi kulcsok t\u00e1mogat\u00e1s\u00e1ra): 190 \u20ac.<\/li>\n<li>Standard \u00e1r: 170 \u20ac<\/li>\n<li>Kedvezm\u00e9nyes \u00e1r (alacsony k\u00f6lts\u00e9gvet\u00e9s): \u20ac150<\/li>\n<li>Ifj\u00fas\u00e1gi \u00e1r (30 \u00e9v alatt): 85 \u20ac<\/li>\n<\/ul>\n<p>Possibilit\u00e9 de s&rsquo;inscrire en r\u00e9glant un acompte.<\/p>\n<p><strong>Adh\u00e9sion obligatoire \u00e0 l&rsquo;association \u00ab \u00c0 Ciel Ouvert Paris \u00bb pour acc\u00e9der au lieu (\u00e0 partir de 10 \u20ac).<\/strong><\/p>\n<h6>En visionconf\u00e9rence par Zoom :<\/h6>\n<ul>\n<li>Tarif soutien (pour soutenir les tarifs r\u00e9duit et jeune) : 95 \u20ac<\/li>\n<li>Tarif normal : 85 \u20ac<\/li>\n<li>Tarif r\u00e9duit (faible budget) : 75 \u20ac<\/li>\n<li>Tarif jeune (-30 ans) : 45 \u20ac<\/li>\n<\/ul>\n<h5>Helysz\u00edn:<\/h5>\n<p>\u00c0 <a href=\"https:\/\/lacitedesconsciences.fr\/\">A tudatoss\u00e1g v\u00e1rosa<\/a>24 rue Chanoinesse, 75004 Paris.<\/p>\n<h5>Regisztr\u00e1ci\u00f3 - Foglal\u00e1s - R\u00e9szv\u00e9tel :<\/h5>\n<p>Az esem\u00e9nyre val\u00f3 regisztr\u00e1ci\u00f3hoz :<\/p>\n<h6>Szem\u00e9lyesen a Cit\u00e9 des Consciences-ben :<\/h6>\n<p>1) [en pr\u00e9sentiel] adh\u00e9rez \u00e0 l\u2019association \u00c0 Ciel Ouvert Paris (adh\u00e9sion valable du 1er septembre 2021 au 31 ao\u00fbt 2022) en cliquant sur le bouton ci-dessous pour acc\u00e9der \u00e0 notre formulaire d&rsquo;adh\u00e9sion en ligne\u00a0:<br \/>\n<a href=\"https:\/\/acielouvertparis.org\/adhesion\/\" target=\"_blank\" rel=\"noopener noreferrer\"><img loading=\"lazy\" decoding=\"async\" class=\"aligncenter wp-image-40451 size-medium\" src=\"https:\/\/acielouvert.tv\/wp-content\/uploads\/2022\/01\/ACOTV-Bouton-Adhesion-512-300x65.png\" alt=\"J'ADH\u00c8RE \u00c0 L'ASSOCIATION\" width=\"300\" height=\"65\" \/><\/a><br \/>\n2) Foglalja le hely\u00e9t most az al\u00e1bbi gombra kattintva, hogy hozz\u00e1f\u00e9rjen biztons\u00e1gos regisztr\u00e1ci\u00f3s \u0171rlapunkhoz, majd k\u00f6vesse az utas\u00edt\u00e1sokat a szem\u00e9lyes regisztr\u00e1ci\u00f3hoz:<br \/>\n<a href=\"https:\/\/a-ciel-ouvert-paris.assoconnect.com\/collect\/description\/223288-p-si-tu-brules-le-ciel-est-en-toi-marguerite-kardos-26-27-03-2022\" target=\"_blank\" rel=\"noopener noreferrer\"><img loading=\"lazy\" decoding=\"async\" class=\"aligncenter wp-image-40451 size-medium\" src=\"https:\/\/acielouvert.tv\/wp-content\/uploads\/2022\/01\/ACOTV-Bouton-Inscription-Presentiel-512-300x65.png\" alt=\"JE M'INSCRIS EN PR\u00c9SENTIEL\" width=\"300\" height=\"65\" \/><\/a><u><\/u><\/p>\n<h6>En visionconf\u00e9rence par Zoom :<\/h6>\n<p>Cliquez sur le bouton ci-dessous pour acc\u00e9der \u00e0 notre formulaire d\u2019inscription s\u00e9curis\u00e9, puis suivez les instructions pour vous inscrire en visioconf\u00e9rence :<\/p>\n<p><a href=\"https:\/\/a-ciel-ouvert-paris.assoconnect.com\/collect\/description\/231015-x-si-tu-brules-le-ciel-est-en-toi-marguerite-kardos-26-27-03-2022-visio\"><img loading=\"lazy\" decoding=\"async\" class=\"aligncenter wp-image-41561 size-medium\" src=\"https:\/\/acielouvertparis.org\/wp-content\/uploads\/2022\/02\/ACOTV-Bouton-Inscription-Visio-512-300x65.png\" alt=\"JE M'INSCRIS EN VISIOCONF\u00c9RENCE\" width=\"300\" height=\"65\" \/><\/a><\/p>","protected":false},"excerpt":{"rendered":"<p>Az angyalokkal folytatott p\u00e1rbesz\u00e9dek felolvas\u00e1s\u00e1val, medit\u00e1ci\u00f3kkal, megoszt\u00e1sokkal \u00e9s a sz\u00f6veg \u00e9s a saj\u00e1t tapasztalataink k\u00f6z\u00f6tti rezonanci\u00e1r\u00f3l sz\u00f3l\u00f3 k\u00e9rd\u00e9sekkel tark\u00edtva, a sum\u00e9r, perzsa, h\u00e9ber \u00e9s kereszt\u00e9ny angyalok t\u00fcnd\u00f6kl\u0151 tekintete alatt az angyalok tan\u00edt\u00e1sa \u00faj szemeket \u00e9s f\u00fcleket nyit meg, \u00e9s hozz\u00e1f\u00e9r\u00e9st biztos\u00edt sz\u00e1munkra a benn\u00fcnk rejl\u0151 ismeretlenhez.<\/p>","protected":false},"author":6,"featured_media":7141,"template":"","meta":{"_tribe_events_status":"","_tribe_events_status_reason":"","footnotes":""},"tags":[27,34,33,41,42],"tribe_events_cat":[37,38],"class_list":["post-7139","tribe_events","type-tribe_events","status-publish","has-post-thumbnail","hentry","tag-dialogues-avec-lange","tag-lecture","tag-marguerite-kardos","tag-meditation","tag-spiritualite","tribe_events_cat-a-la-une","tribe_events_cat-stages","cat_a-la-une","cat_stages"],"blocksy_meta":[],"brizy_media":[],"_links":{"self":[{"href":"https:\/\/ad-dialoguesange.org\/hu\/wp-json\/wp\/v2\/tribe_events\/7139","targetHints":{"allow":["GET"]}}],"collection":[{"href":"https:\/\/ad-dialoguesange.org\/hu\/wp-json\/wp\/v2\/tribe_events"}],"about":[{"href":"https:\/\/ad-dialoguesange.org\/hu\/wp-json\/wp\/v2\/types\/tribe_events"}],"author":[{"embeddable":true,"href":"https:\/\/ad-dialoguesange.org\/hu\/wp-json\/wp\/v2\/users\/6"}],"version-history":[{"count":6,"href":"https:\/\/ad-dialoguesange.org\/hu\/wp-json\/wp\/v2\/tribe_events\/7139\/revisions"}],"predecessor-version":[{"id":7868,"href":"https:\/\/ad-dialoguesange.org\/hu\/wp-json\/wp\/v2\/tribe_events\/7139\/revisions\/7868"}],"wp:featuredmedia":[{"embeddable":true,"href":"https:\/\/ad-dialoguesange.org\/hu\/wp-json\/wp\/v2\/media\/7141"}],"wp:attachment":[{"href":"https:\/\/ad-dialoguesange.org\/hu\/wp-json\/wp\/v2\/media?parent=7139"}],"wp:term":[{"taxonomy":"post_tag","embeddable":true,"href":"https:\/\/ad-dialoguesange.org\/hu\/wp-json\/wp\/v2\/tags?post=7139"},{"taxonomy":"tribe_events_cat","embeddable":true,"href":"https:\/\/ad-dialoguesange.org\/hu\/wp-json\/wp\/v2\/tribe_events_cat?post=7139"}],"curies":[{"name":"wp","href":"https:\/\/api.w.org\/{rel}","templated":true}]}}

Ha égsz, a mennyország benned van - Kardos Margit

<h1 style="text-align: center;">Si tu brûles, le Ciel est en toi</h1>
<h4 style="text-align: center;">Gyakornokság a</h4>
<h2 style="text-align: center;">Kardos Margit</h2>
<h3 style="text-align: center;">Du samedi 26 au dimanche 27 mars 2022</h3>
<h5 style="text-align: center;">A Cité des Consciences-ben (Párizs)<br />
ou en visioconférence (Zoom)</h5>
<p style="text-align: center;"><em>« Si tu brûles, le Ciel est en toi,</em><br />
<em>il n’y a donc rien d’impossible pour toi »</em><br />
<em>(Entretien 16 avec Gitta)</em></p>
<p><em>az angyal válaszol</em>A remény és a hit eme üzenete égető aktualitással rezonál az átmenet idején. Olvasók milliói táplálkoznak világszerte <em>az angyal válaszol</em>22 nyelvre fordították le.</p>
<p>Kardos Margit által szervezett találkozó, hogy többet tudjunk meg és elmélyítsük a spirituális tanításokat a <em>Párbeszédek az angyallal</em> és segíteni a résztvevőknek, hogy ezt a mindennapokban is megéljék.</p>
<p>A kurzust a következő művek olvasása szakítja meg <em>az angyal válaszol</em>Ez az alkalom a meditációra, a kérdések cseréjére és megosztására, valamint a szöveg és a saját tapasztalataink közötti rezonanciára szolgál, a sumér, perzsa, héber és keresztény angyalok tündöklő tekintete alatt, a bőséges ikonográfiának köszönhetően.</p>
<p>Az angyalok tanítása új szemeket és füleket nyit meg, és hozzáférést biztosít a bennünk rejlő ismeretlenhez.</p>
<p><em>Stage réservé aux membres de l&rsquo;association À Ciel Ouvert Paris, dans la limite des places disponibles</em></p>
<h4>Hangszórók</h4>
<figure id="attachment_39689" aria-describedby="caption-attachment-39689" style="width: 150px" class="wp-caption alignleft"><img loading="lazy" decoding="async" class="wp-image-39689 size-thumbnail" src="https://acielouvertparis.org/wp-content/uploads/2020/11/Marguerite_Kardos-Portrait_Home-Carre-150x150.jpg" alt="Marguerite Kardos" width="150" height="150" /><figcaption id="caption-attachment-39689" class="wp-caption-text">Kardos Margit</figcaption></figure>
<p><strong>Kardos Margit</strong> nyelvész és orientalista, szakterülete a Közel-Kelet, Sumer és a szent gyógyszerek. Emellett terapeuta, a hagyományos kínai energetika oktatója és a <a href="https://acielouvertparis.org/">l&rsquo;association À Ciel Ouvert Paris</a>.</p>
<p>D&rsquo;origine hongroise et amie proche de Gitta Mallasz, elle est présidente de l’association <a href="https://ad-dialoguesange.org/hu/" target="_blank" rel="noopener noreferrer">ADDA</a> amely elosztja <em>az angyal válaszol</em>.</p>
<h4>Gyakorlati információk</h4>
<h5>Menetrend :</h5>
<p>Stage sur 2 jours du samedi 26 mars 2022 de 14h à 18h30 au dimanche 27 mars 2022 de 10h à 17h.</p>
<ul>
<li>Fogadás szombaton 13.30-tól;</li>
<li>A tanfolyam szombaton 14.00 órakor kezdődik;</li>
<li>A tanfolyam vasárnap 17 órakor ér véget.</li>
</ul>
<h5>Árak :</h5>
<h6>Személyesen a Cité des Consciences-ben :</h6>
<ul>
<li>Támogatási kulcs (a kedvezményes és ifjúsági kulcsok támogatására): 190 €.</li>
<li>Standard ár: 170 €</li>
<li>Kedvezményes ár (alacsony költségvetés): €150</li>
<li>Ifjúsági ár (30 év alatt): 85 €</li>
</ul>
<p>Possibilité de s&rsquo;inscrire en réglant un acompte.</p>
<p><strong>Adhésion obligatoire à l&rsquo;association « À Ciel Ouvert Paris » pour accéder au lieu (à partir de 10 €).</strong></p>
<h6>En visionconférence par Zoom :</h6>
<ul>
<li>Tarif soutien (pour soutenir les tarifs réduit et jeune) : 95 €</li>
<li>Tarif normal : 85 €</li>
<li>Tarif réduit (faible budget) : 75 €</li>
<li>Tarif jeune (-30 ans) : 45 €</li>
</ul>
<h5>Helyszín:</h5>
<p>À <a href="https://lacitedesconsciences.fr/">A tudatosság városa</a>24 rue Chanoinesse, 75004 Paris.</p>
<h5>Regisztráció - Foglalás - Részvétel :</h5>
<p>Az eseményre való regisztrációhoz :</p>
<h6>Személyesen a Cité des Consciences-ben :</h6>
<p>1) [en présentiel] adhérez à l’association À Ciel Ouvert Paris (adhésion valable du 1er septembre 2021 au 31 août 2022) en cliquant sur le bouton ci-dessous pour accéder à notre formulaire d&rsquo;adhésion en ligne :<br />
<a href="https://acielouvertparis.org/adhesion/" target="_blank" rel="noopener noreferrer"><img loading="lazy" decoding="async" class="aligncenter wp-image-40451 size-medium" src="https://acielouvert.tv/wp-content/uploads/2022/01/ACOTV-Bouton-Adhesion-512-300x65.png" alt="J'ADHÈRE À L'ASSOCIATION" width="300" height="65" /></a><br />
2) Foglalja le helyét most az alábbi gombra kattintva, hogy hozzáférjen biztonságos regisztrációs űrlapunkhoz, majd kövesse az utasításokat a személyes regisztrációhoz:<br />
<a href="https://a-ciel-ouvert-paris.assoconnect.com/collect/description/223288-p-si-tu-brules-le-ciel-est-en-toi-marguerite-kardos-26-27-03-2022" target="_blank" rel="noopener noreferrer"><img loading="lazy" decoding="async" class="aligncenter wp-image-40451 size-medium" src="https://acielouvert.tv/wp-content/uploads/2022/01/ACOTV-Bouton-Inscription-Presentiel-512-300x65.png" alt="JE M'INSCRIS EN PRÉSENTIEL" width="300" height="65" /></a><u></u></p>
<h6>En visionconférence par Zoom :</h6>
<p>Cliquez sur le bouton ci-dessous pour accéder à notre formulaire d’inscription sécurisé, puis suivez les instructions pour vous inscrire en visioconférence :</p>
<p><a href="https://a-ciel-ouvert-paris.assoconnect.com/collect/description/231015-x-si-tu-brules-le-ciel-est-en-toi-marguerite-kardos-26-27-03-2022-visio"><img loading="lazy" decoding="async" class="aligncenter wp-image-41561 size-medium" src="https://acielouvertparis.org/wp-content/uploads/2022/02/ACOTV-Bouton-Inscription-Visio-512-300x65.png" alt="JE M'INSCRIS EN VISIOCONFÉRENCE" width="300" height="65" /></a></p>

<p>Az angyalokkal folytatott párbeszédek felolvasásával, meditációkkal, megosztásokkal és a szöveg és a saját tapasztalataink közötti rezonanciáról szóló kérdésekkel tarkítva, a sumér, perzsa, héber és keresztény angyalok tündöklő tekintete alatt az angyalok tanítása új szemeket és füleket nyit meg, és hozzáférést biztosít számunkra a bennünk rejlő ismeretlenhez.</p>
