{"id":12062,"date":"2022-01-01T20:00:09","date_gmt":"2022-01-01T19:00:09","guid":{"rendered":"https:\/\/ad-dialoguesange.org\/?post_type=tribe_events&#038;p=12062"},"modified":"2025-05-05T10:52:37","modified_gmt":"2025-05-05T08:52:37","slug":"perspectives-2024-2025-2024-05-26","status":"publish","type":"tribe_events","link":"https:\/\/ad-dialoguesange.org\/hu\/event\/perspectives-2024-2025-2024-05-26\/","title":{"rendered":"ADDA- kil\u00e1t\u00e1sok 2024-2025-re"},"content":{"rendered":"<h1 style=\"text-align: center\">ADDA &#8211; Perspectives 2024-2025<\/h1>\n<p class=\"text-build-content\" style=\"text-align: center\" data-testid=\"3ztxR-BZ0C7dieBcx1zTC\"><b>Felk\u00e9rj\u00fck \u00d6n\u00f6ket, hogy egy\u00fctt gondolkodjanak a 2024-2025-\u00f6s \u00e9v kil\u00e1t\u00e1sair\u00f3l.<\/b><\/p>\n<p class=\"text-build-content\" style=\"text-align: center\" data-testid=\"3ztxR-BZ0C7dieBcx1zTC\"><b>le dimanche 26 mai \u00e0 15h au Forum 104 \u00a0(salle marronniers) ou par visio-conf\u00e9rence &#8230;.<\/b><\/p>\n<p class=\"text-build-content\" style=\"text-align: center\" data-testid=\"3ztxR-BZ0C7dieBcx1zTC\">Ezut\u00e1n a 2023-2024-es \u00e9vr\u0151l fogunk elm\u00e9lkedni, \u00e9s megosztjuk elk\u00e9pzel\u00e9seinket a 2024-2025-\u00f6s \u00e9vre vonatkoz\u00f3 el\u0151rel\u00e9p\u00e9sr\u0151l az \u00daj Vil\u00e1g fel\u00e9, amelyre az Angyal folyamatosan h\u00edv minket.<\/p>\n<p style=\"text-align: center\"><em>A tal\u00e1lkoz\u00f3 mindenki sz\u00e1m\u00e1ra nyitott -<br \/>\n<\/em><\/p>\n<h4><\/h4>\n<h3><\/h3>\n<h3><strong>Gyakorlati inform\u00e1ci\u00f3k<\/strong><\/h3>\n<ul>\n<li>Menetrend: 15.00-17.30 \u00f3r\u00e1ig<\/li>\n<li>Helysz\u00edn: Forum 104, 104rue de Vaugirard 75006 PARIS<u><strong><br \/>\n<\/strong><\/u><\/li>\n<li>Zoom link : <a href=\"http:\/\/265y.mj.am\/lnk\/AUwAAECaKgwAAcw2nygAAJr29YEAAYCr9GYAnL_MAAMjFABmQdGAPM5mO6AwTlmPpZ9BhedAJwADAOs\/3\/bWkH0uhgyoSMMh7U672B-Q\/aHR0cHM6Ly91czA2d2ViLnpvb20udXMvai84NTAyMzk2MjQ3NT9wd2Q9aGdEWFhiMDU5VFBWbm1ZTDBoaFhhSjlPY2xYSFFaLjE\">kattintson ide<\/a><br \/>\nID r\u00e9union: 850 2396 2475 &#8211; code : 590260<\/li>\n<\/ul>","protected":false},"excerpt":{"rendered":"<p>Venez r\u00e9fl\u00e9chir avec nous aux perspectives pour l&rsquo;ann\u00e9e 2024-2025<\/p>","protected":false},"author":6,"featured_media":12067,"template":"","meta":{"_tribe_events_status":"","_tribe_events_status_reason":"","footnotes":""},"tags":[27,34,33,41,42],"tribe_events_cat":[37,39],"class_list":["post-12062","tribe_events","type-tribe_events","status-publish","has-post-thumbnail","hentry","tag-dialogues-avec-lange","tag-lecture","tag-marguerite-kardos","tag-meditation","tag-spiritualite","tribe_events_cat-a-la-une","tribe_events_cat-rencontres","cat_a-la-une","cat_rencontres"],"blocksy_meta":[],"brizy_media":[],"_links":{"self":[{"href":"https:\/\/ad-dialoguesange.org\/hu\/wp-json\/wp\/v2\/tribe_events\/12062","targetHints":{"allow":["GET"]}}],"collection":[{"href":"https:\/\/ad-dialoguesange.org\/hu\/wp-json\/wp\/v2\/tribe_events"}],"about":[{"href":"https:\/\/ad-dialoguesange.org\/hu\/wp-json\/wp\/v2\/types\/tribe_events"}],"author":[{"embeddable":true,"href":"https:\/\/ad-dialoguesange.org\/hu\/wp-json\/wp\/v2\/users\/6"}],"version-history":[{"count":4,"href":"https:\/\/ad-dialoguesange.org\/hu\/wp-json\/wp\/v2\/tribe_events\/12062\/revisions"}],"predecessor-version":[{"id":12069,"href":"https:\/\/ad-dialoguesange.org\/hu\/wp-json\/wp\/v2\/tribe_events\/12062\/revisions\/12069"}],"wp:featuredmedia":[{"embeddable":true,"href":"https:\/\/ad-dialoguesange.org\/hu\/wp-json\/wp\/v2\/media\/12067"}],"wp:attachment":[{"href":"https:\/\/ad-dialoguesange.org\/hu\/wp-json\/wp\/v2\/media?parent=12062"}],"wp:term":[{"taxonomy":"post_tag","embeddable":true,"href":"https:\/\/ad-dialoguesange.org\/hu\/wp-json\/wp\/v2\/tags?post=12062"},{"taxonomy":"tribe_events_cat","embeddable":true,"href":"https:\/\/ad-dialoguesange.org\/hu\/wp-json\/wp\/v2\/tribe_events_cat?post=12062"}],"curies":[{"name":"wp","href":"https:\/\/api.w.org\/{rel}","templated":true}]}}

ADDA- kilátások 2024-2025-re

<h1 style="text-align: center">ADDA &#8211; Perspectives 2024-2025</h1>
<p class="text-build-content" style="text-align: center" data-testid="3ztxR-BZ0C7dieBcx1zTC"><b>Felkérjük Önöket, hogy együtt gondolkodjanak a 2024-2025-ös év kilátásairól.</b></p>
<p class="text-build-content" style="text-align: center" data-testid="3ztxR-BZ0C7dieBcx1zTC"><b>le dimanche 26 mai à 15h au Forum 104  (salle marronniers) ou par visio-conférence &#8230;.</b></p>
<p class="text-build-content" style="text-align: center" data-testid="3ztxR-BZ0C7dieBcx1zTC">Ezután a 2023-2024-es évről fogunk elmélkedni, és megosztjuk elképzeléseinket a 2024-2025-ös évre vonatkozó előrelépésről az Új Világ felé, amelyre az Angyal folyamatosan hív minket.</p>
<p style="text-align: center"><em>A találkozó mindenki számára nyitott -<br />
</em></p>
<h4></h4>
<h3></h3>
<h3><strong>Gyakorlati információk</strong></h3>
<ul>
<li>Menetrend: 15.00-17.30 óráig</li>
<li>Helyszín: Forum 104, 104rue de Vaugirard 75006 PARIS<u><strong><br />
</strong></u></li>
<li>Zoom link : <a href="http://265y.mj.am/lnk/AUwAAECaKgwAAcw2nygAAJr29YEAAYCr9GYAnL_MAAMjFABmQdGAPM5mO6AwTlmPpZ9BhedAJwADAOs/3/bWkH0uhgyoSMMh7U672B-Q/aHR0cHM6Ly91czA2d2ViLnpvb20udXMvai84NTAyMzk2MjQ3NT9wd2Q9aGdEWFhiMDU5VFBWbm1ZTDBoaFhhSjlPY2xYSFFaLjE">kattintson ide</a><br />
ID réunion: 850 2396 2475 &#8211; code : 590260</li>
</ul>

<p>Venez réfléchir avec nous aux perspectives pour l&rsquo;année 2024-2025</p>
