{"id":11204,"date":"2022-10-01T20:00:09","date_gmt":"2022-10-01T18:00:09","guid":{"rendered":"https:\/\/ad-dialoguesange.org\/?post_type=tribe_events&#038;p=11204"},"modified":"2025-05-05T10:52:38","modified_gmt":"2025-05-05T08:52:38","slug":"meditation-da-aurelie-chalbos-gabriel-feat-5-octobre-2024-11-30","status":"publish","type":"tribe_events","link":"https:\/\/ad-dialoguesange.org\/hu\/event\/meditation-da-aurelie-chalbos-gabriel-feat-5-octobre-2024-11-30\/","title":{"rendered":"Medit\u00e1ci\u00f3 \u00e9s hangutaz\u00e1s a \"Dialogues avec l'Ange\" (P\u00e1rbesz\u00e9dek az Angyallal) c\u00edm\u0171 k\u00f6nyv k\u00f6r\u00e9."},"content":{"rendered":"<h1 style=\"text-align: center\"><span style=\"color: #800080\">Az \u00fajak \u00fcdv\u00f6zl\u00e9se<\/span><\/h1>\n<h3 style=\"text-align: center\"><span style=\"color: #800080\">Medit\u00e1ci\u00f3 \u00e9s hangutaz\u00e1s a \"Dialogues avec l'Ange\" (P\u00e1rbesz\u00e9dek az Angyallal) c\u00edm\u0171 k\u00f6nyv k\u00f6r\u00e9.<\/span><\/h3>\n<h4 style=\"text-align: center\"><span style=\"color: #800080\">H\u00e1zigazda:<\/span><\/h4>\n<h2 style=\"text-align: center\"><span style=\"color: #800080\">Aur\u00e9lie Chalbos &amp; Gabriel Feat<\/span><\/h2>\n<h4 style=\"text-align: center\"><span style=\"color: #800080\">2023. november 30., cs\u00fct\u00f6rt\u00f6k, 20.00-22.00 \u00f3ra<\/span><\/h4>\n<h5 style=\"text-align: center\"><span style=\"color: #800080\">A Cit\u00e9 des Consciences-ben (P\u00e1rizs)<\/span><\/h5>\n<p>Az Angyallal folytatott p\u00e1rbesz\u00e9dek olvasm\u00e1nyai \u00e1ltal vezetett medit\u00e1ci\u00f3, melyben a csendnek \u00e9s a hangoknak szentelt id\u0151 lehet\u0151v\u00e9 teszi ezen \u00e9get\u0151 szavak m\u00e9lyebb integr\u00e1l\u00e1s\u00e1t. Az angyalok e tan\u00edt\u00e1sa \u00faj szemeket \u00e9s f\u00fcleket nyit meg, hozz\u00e1f\u00e9r\u00e9st biztos\u00edtva a benn\u00fcnk rejl\u0151 ismeretlenhez, a benn\u00fcnk befogadand\u00f3 \u00daj szolg\u00e1lat\u00e1ban, fel\u00e9bresztve a kapcsolatot a bels\u0151 vezet\u0151nkkel, hogy seg\u00edtsen benn\u00fcnket egyedi feladatunk teljes\u00edt\u00e9s\u00e9ben.<\/p>\n<p>Medit\u00e1ci\u00f3k, k\u00e9rdez\u0151sk\u00f6d\u00e9s, bels\u0151 mozg\u00e1s a sz\u00f6veg \u00e9s az egyes emberek tapasztalatainak rezonanci\u00e1j\u00e1n kereszt\u00fcl, a t\u00e1lak, a didgeridoo vagy a gong hangjaira val\u00f3 integr\u00e1ci\u00f3 pillanataival k\u00eds\u00e9rve a rem\u00e9ny \u00e9s a hit eme \u00fczenete lesz a vez\u00e9rfonal, amely a mi \u00e1tmeneti id\u0151nkben \u00e9get\u0151 aktualit\u00e1ssal rezon\u00e1l.<\/p>\n<p>Meditat\u00edv megh\u00edv\u00e1s, hogy k\u00f6z\u00f6ss\u00e9get v\u00e1llaljunk azzal a t\u00f6bb milli\u00f3 olvas\u00f3val vil\u00e1gszerte, akik a k\u00f6vetkez\u0151 forr\u00e1sb\u00f3l t\u00e1pl\u00e1lkoznak <em>az angyal v\u00e1laszol<\/em>m\u00e1r 22 nyelvre ford\u00edtott\u00e1k le.<\/p>\n<p><em>Ez az esem\u00e9ny a Cit\u00e9 des Consciences egyes\u00fclet tagjai sz\u00e1m\u00e1ra nyitott (a tags\u00e1g online vagy a helysz\u00ednen t\u00f6rt\u00e9n\u0151 regisztr\u00e1ci\u00f3val \u00e9rhet\u0151 el).<\/em><\/p>\n<h3>Hangsz\u00f3r\u00f3k<\/h3>\n<figure id=\"attachment_11107\" aria-describedby=\"caption-attachment-11107\" style=\"width: 150px\" class=\"wp-caption alignleft\"><img loading=\"lazy\" decoding=\"async\" class=\"wp-image-11107 size-full\" src=\"https:\/\/ad-dialoguesange.org\/wp-content\/uploads\/2023\/10\/Aurelie_Chalbos-Portrait-600x600-1-150x150-1.jpg\" alt=\"\" width=\"150\" height=\"150\" srcset=\"https:\/\/ad-dialoguesange.org\/wp-content\/uploads\/2023\/10\/Aurelie_Chalbos-Portrait-600x600-1-150x150-1.jpg 150w, https:\/\/ad-dialoguesange.org\/wp-content\/uploads\/2023\/10\/Aurelie_Chalbos-Portrait-600x600-1-150x150-1-12x12.jpg 12w\" sizes=\"auto, (max-width: 150px) 100vw, 150px\" \/><figcaption id=\"caption-attachment-11107\" class=\"wp-caption-text\"><strong>Aur\u00e9lie Chalbos<\/strong><\/figcaption><\/figure>\n<p>&nbsp;<\/p>\n<p>A Cit\u00e9 des Consciences \u00e9s az \u00c0 Ciel Ouvert TV t\u00e1rsalap\u00edt\u00f3ja,<br \/>\nK\u00ednai energetikai testpszichoterapeuta,<br \/>\nTuina massz\u00e1zs, szakr\u00e1lis tang\u00f3, Qi Gong \u00e9s szakmai coaching.<\/p>\n<p>&nbsp;<\/p>\n<p>&nbsp;<\/p>\n<p>&nbsp;<\/p>\n<figure id=\"attachment_11108\" aria-describedby=\"caption-attachment-11108\" style=\"width: 150px\" class=\"wp-caption alignleft\"><img loading=\"lazy\" decoding=\"async\" class=\"wp-image-11108\" src=\"https:\/\/ad-dialoguesange.org\/wp-content\/uploads\/2023\/10\/gabriel-feat-dj-portrait-150x150-1.jpg\" alt=\"\" width=\"150\" height=\"150\" srcset=\"https:\/\/ad-dialoguesange.org\/wp-content\/uploads\/2023\/10\/gabriel-feat-dj-portrait-150x150-1.jpg 150w, https:\/\/ad-dialoguesange.org\/wp-content\/uploads\/2023\/10\/gabriel-feat-dj-portrait-150x150-1-12x12.jpg 12w\" sizes=\"auto, (max-width: 150px) 100vw, 150px\" \/><figcaption id=\"caption-attachment-11108\" class=\"wp-caption-text\"><strong>Gabriel Feat<\/strong><\/figcaption><\/figure>\n<p>&nbsp;<\/p>\n<p>\u00c9nekes, multiinstrumentalista \u00e9s zeneszerz\u0151,<br \/>\n\u00e9nek \u00e9s hang j\u00f3ga tan\u00e1r.<\/p>\n<h3><\/h3>\n<h3><\/h3>\n<h3><\/h3>\n<h3>Gyakorlati inform\u00e1ci\u00f3k<\/h3>\n<h5>Menetrend<\/h5>\n<p>Este 8-t\u00f3l 22 \u00f3r\u00e1ig tart\u00f3 tal\u00e1lkoz\u00f3:<\/p>\n<ul>\n<li>Fogad\u00e1s 19.45-t\u0151l;<\/li>\n<li>Az este 20.00 \u00f3rakor kezd\u0151dik;<\/li>\n<li>Az esem\u00e9ny este 10 \u00f3ra k\u00f6r\u00fcl \u00e9r v\u00e9get.<\/li>\n<\/ul>\n<p>K\u00f6vetkez\u0151 \u00fcl\u00e9sek: cs\u00fct\u00f6rt\u00f6k\u00f6nk\u00e9nt: november 30., december 21., 2023. janu\u00e1r 18., febru\u00e1r 1., m\u00e1rcius 7., \u00e1prilis 4., m\u00e1jus 30. \u00e9s j\u00fanius 13. 2024.<\/p>\n<h5>\u00c1rak<\/h5>\n<ul>\n<li><span id=\"ctl00_i_cphContenu_i_ucContenuPage_i_dlContenu_ctl00_ctl00_i_tcProgramme_i_tbPrix_i_rptTarifs_ctl01_i_lblTarif\">T\u00e1mogat\u00e1si kulcs (a kedvezm\u00e9nyes \u00e9s ifj\u00fas\u00e1gi kulcsok t\u00e1mogat\u00e1s\u00e1ra): 20 \u20ac.<\/span><\/li>\n<li>Standard \u00e1r: 15 \u20ac<\/li>\n<li>Kedvezm\u00e9nyes \u00e1r (alacsony k\u00f6lts\u00e9gvet\u00e9s): 10 \u20ac<\/li>\n<\/ul>\n<p><strong>A \"La Cit\u00e9 des Consciences\" egyes\u00fclet tags\u00e1ga k\u00f6telez\u0151 (online vagy a helysz\u00ednen, 15 \u20ac-t\u00f3l).<\/strong><\/p>\n<h5>Helysz\u00edn<\/h5>\n<p>\u00c0\u00a0<a href=\"https:\/\/lacitedesconsciences.fr\/\" target=\"_blank\" rel=\"noopener noreferrer\">A tudatoss\u00e1g v\u00e1rosa<\/a>P\u00e1rizs sz\u00edv\u00e9ben, az \u00cele-de-la-Cit\u00e9-n, a Notre-Dame-sz\u00e9kesegyh\u00e1zt\u00f3l egy k\u0151haj\u00edt\u00e1snyira tal\u00e1lhat\u00f3, 24 rue Chanoinesse 75004 Paris.<\/p>\n<h4>Regisztr\u00e1ci\u00f3<\/h4>\n<p>Pour vous inscrire \u00e0 l&rsquo;\u00e9v\u00e8nement\u00a0 cliquez sur le bouton ci-dessous pour rejoindre la page d&rsquo;inscription sur le site de La Cit\u00e9 des Consciences<br \/>\n<a href=\"https:\/\/lacitedesconsciences.fr\/event\/accueillir-le-nouveau-aurelie-chalbos-gabriel-feat-30-novembre-2023\/\" target=\"_blank\" rel=\"noopener noreferrer\"><img loading=\"lazy\" decoding=\"async\" class=\"aligncenter wp-image-40451 size-medium\" src=\"https:\/\/ad-dialoguesange.org\/wp-content\/uploads\/2021\/11\/ADDA-Bouton-Inscription-512-300x65-1.png\" alt=\"JE M'INSCRIS\" width=\"300\" height=\"65\" \/><\/a><\/p>","protected":false},"excerpt":{"rendered":"<p>Medit\u00e1ci\u00f3 az Angyallal folytatott p\u00e1rbesz\u00e9dek olvasm\u00e1nyai alapj\u00e1n, csenddel \u00e9s hangokkal, hogy m\u00e9lyebben integr\u00e1ljuk ezeket az \u00e9get\u0151 szavakat.<\/p>","protected":false},"author":6,"featured_media":11109,"template":"","meta":{"_tribe_events_status":"","_tribe_events_status_reason":"","footnotes":""},"tags":[27,34,41,42,35],"tribe_events_cat":[37,39],"class_list":["post-11204","tribe_events","type-tribe_events","status-publish","has-post-thumbnail","hentry","tag-dialogues-avec-lange","tag-lecture","tag-meditation","tag-spiritualite","tag-visioconference","tribe_events_cat-a-la-une","tribe_events_cat-rencontres","cat_a-la-une","cat_rencontres"],"blocksy_meta":[],"brizy_media":[],"_links":{"self":[{"href":"https:\/\/ad-dialoguesange.org\/hu\/wp-json\/wp\/v2\/tribe_events\/11204","targetHints":{"allow":["GET"]}}],"collection":[{"href":"https:\/\/ad-dialoguesange.org\/hu\/wp-json\/wp\/v2\/tribe_events"}],"about":[{"href":"https:\/\/ad-dialoguesange.org\/hu\/wp-json\/wp\/v2\/types\/tribe_events"}],"author":[{"embeddable":true,"href":"https:\/\/ad-dialoguesange.org\/hu\/wp-json\/wp\/v2\/users\/6"}],"version-history":[{"count":1,"href":"https:\/\/ad-dialoguesange.org\/hu\/wp-json\/wp\/v2\/tribe_events\/11204\/revisions"}],"predecessor-version":[{"id":11205,"href":"https:\/\/ad-dialoguesange.org\/hu\/wp-json\/wp\/v2\/tribe_events\/11204\/revisions\/11205"}],"wp:featuredmedia":[{"embeddable":true,"href":"https:\/\/ad-dialoguesange.org\/hu\/wp-json\/wp\/v2\/media\/11109"}],"wp:attachment":[{"href":"https:\/\/ad-dialoguesange.org\/hu\/wp-json\/wp\/v2\/media?parent=11204"}],"wp:term":[{"taxonomy":"post_tag","embeddable":true,"href":"https:\/\/ad-dialoguesange.org\/hu\/wp-json\/wp\/v2\/tags?post=11204"},{"taxonomy":"tribe_events_cat","embeddable":true,"href":"https:\/\/ad-dialoguesange.org\/hu\/wp-json\/wp\/v2\/tribe_events_cat?post=11204"}],"curies":[{"name":"wp","href":"https:\/\/api.w.org\/{rel}","templated":true}]}}

Meditáció és hangutazás a "Dialogues avec l'Ange" (Párbeszédek az Angyallal) című könyv köré.

<h1 style="text-align: center"><span style="color: #800080">Az újak üdvözlése</span></h1>
<h3 style="text-align: center"><span style="color: #800080">Meditáció és hangutazás a "Dialogues avec l'Ange" (Párbeszédek az Angyallal) című könyv köré.</span></h3>
<h4 style="text-align: center"><span style="color: #800080">Házigazda:</span></h4>
<h2 style="text-align: center"><span style="color: #800080">Aurélie Chalbos &amp; Gabriel Feat</span></h2>
<h4 style="text-align: center"><span style="color: #800080">2023. november 30., csütörtök, 20.00-22.00 óra</span></h4>
<h5 style="text-align: center"><span style="color: #800080">A Cité des Consciences-ben (Párizs)</span></h5>
<p>Az Angyallal folytatott párbeszédek olvasmányai által vezetett meditáció, melyben a csendnek és a hangoknak szentelt idő lehetővé teszi ezen égető szavak mélyebb integrálását. Az angyalok e tanítása új szemeket és füleket nyit meg, hozzáférést biztosítva a bennünk rejlő ismeretlenhez, a bennünk befogadandó Új szolgálatában, felébresztve a kapcsolatot a belső vezetőnkkel, hogy segítsen bennünket egyedi feladatunk teljesítésében.</p>
<p>Meditációk, kérdezősködés, belső mozgás a szöveg és az egyes emberek tapasztalatainak rezonanciáján keresztül, a tálak, a didgeridoo vagy a gong hangjaira való integráció pillanataival kísérve a remény és a hit eme üzenete lesz a vezérfonal, amely a mi átmeneti időnkben égető aktualitással rezonál.</p>
<p>Meditatív meghívás, hogy közösséget vállaljunk azzal a több millió olvasóval világszerte, akik a következő forrásból táplálkoznak <em>az angyal válaszol</em>már 22 nyelvre fordították le.</p>
<p><em>Ez az esemény a Cité des Consciences egyesület tagjai számára nyitott (a tagság online vagy a helyszínen történő regisztrációval érhető el).</em></p>
<h3>Hangszórók</h3>
<figure id="attachment_11107" aria-describedby="caption-attachment-11107" style="width: 150px" class="wp-caption alignleft"><img loading="lazy" decoding="async" class="wp-image-11107 size-full" src="https://ad-dialoguesange.org/wp-content/uploads/2023/10/Aurelie_Chalbos-Portrait-600x600-1-150x150-1.jpg" alt="" width="150" height="150" srcset="https://ad-dialoguesange.org/wp-content/uploads/2023/10/Aurelie_Chalbos-Portrait-600x600-1-150x150-1.jpg 150w, https://ad-dialoguesange.org/wp-content/uploads/2023/10/Aurelie_Chalbos-Portrait-600x600-1-150x150-1-12x12.jpg 12w" sizes="auto, (max-width: 150px) 100vw, 150px" /><figcaption id="caption-attachment-11107" class="wp-caption-text"><strong>Aurélie Chalbos</strong></figcaption></figure>
<p>&nbsp;</p>
<p>A Cité des Consciences és az À Ciel Ouvert TV társalapítója,<br />
Kínai energetikai testpszichoterapeuta,<br />
Tuina masszázs, szakrális tangó, Qi Gong és szakmai coaching.</p>
<p>&nbsp;</p>
<p>&nbsp;</p>
<p>&nbsp;</p>
<figure id="attachment_11108" aria-describedby="caption-attachment-11108" style="width: 150px" class="wp-caption alignleft"><img loading="lazy" decoding="async" class="wp-image-11108" src="https://ad-dialoguesange.org/wp-content/uploads/2023/10/gabriel-feat-dj-portrait-150x150-1.jpg" alt="" width="150" height="150" srcset="https://ad-dialoguesange.org/wp-content/uploads/2023/10/gabriel-feat-dj-portrait-150x150-1.jpg 150w, https://ad-dialoguesange.org/wp-content/uploads/2023/10/gabriel-feat-dj-portrait-150x150-1-12x12.jpg 12w" sizes="auto, (max-width: 150px) 100vw, 150px" /><figcaption id="caption-attachment-11108" class="wp-caption-text"><strong>Gabriel Feat</strong></figcaption></figure>
<p>&nbsp;</p>
<p>Énekes, multiinstrumentalista és zeneszerző,<br />
ének és hang jóga tanár.</p>
<h3></h3>
<h3></h3>
<h3></h3>
<h3>Gyakorlati információk</h3>
<h5>Menetrend</h5>
<p>Este 8-tól 22 óráig tartó találkozó:</p>
<ul>
<li>Fogadás 19.45-től;</li>
<li>Az este 20.00 órakor kezdődik;</li>
<li>Az esemény este 10 óra körül ér véget.</li>
</ul>
<p>Következő ülések: csütörtökönként: november 30., december 21., 2023. január 18., február 1., március 7., április 4., május 30. és június 13. 2024.</p>
<h5>Árak</h5>
<ul>
<li><span id="ctl00_i_cphContenu_i_ucContenuPage_i_dlContenu_ctl00_ctl00_i_tcProgramme_i_tbPrix_i_rptTarifs_ctl01_i_lblTarif">Támogatási kulcs (a kedvezményes és ifjúsági kulcsok támogatására): 20 €.</span></li>
<li>Standard ár: 15 €</li>
<li>Kedvezményes ár (alacsony költségvetés): 10 €</li>
</ul>
<p><strong>A "La Cité des Consciences" egyesület tagsága kötelező (online vagy a helyszínen, 15 €-tól).</strong></p>
<h5>Helyszín</h5>
<p>À <a href="https://lacitedesconsciences.fr/" target="_blank" rel="noopener noreferrer">A tudatosság városa</a>Párizs szívében, az Île-de-la-Cité-n, a Notre-Dame-székesegyháztól egy kőhajításnyira található, 24 rue Chanoinesse 75004 Paris.</p>
<h4>Regisztráció</h4>
<p>Pour vous inscrire à l&rsquo;évènement  cliquez sur le bouton ci-dessous pour rejoindre la page d&rsquo;inscription sur le site de La Cité des Consciences<br />
<a href="https://lacitedesconsciences.fr/event/accueillir-le-nouveau-aurelie-chalbos-gabriel-feat-30-novembre-2023/" target="_blank" rel="noopener noreferrer"><img loading="lazy" decoding="async" class="aligncenter wp-image-40451 size-medium" src="https://ad-dialoguesange.org/wp-content/uploads/2021/11/ADDA-Bouton-Inscription-512-300x65-1.png" alt="JE M'INSCRIS" width="300" height="65" /></a></p>

<p>Meditáció az Angyallal folytatott párbeszédek olvasmányai alapján, csenddel és hangokkal, hogy mélyebben integráljuk ezeket az égető szavakat.</p>
