{"id":11024,"date":"2022-03-01T20:00:09","date_gmt":"2022-03-01T19:00:09","guid":{"rendered":"https:\/\/ad-dialoguesange.org\/?post_type=tribe_events&#038;p=11024"},"modified":"2025-05-05T10:52:37","modified_gmt":"2025-05-05T08:52:37","slug":"visio-rencontre-dialogues-ange-marguerite-kardos-8-fevrier-2024","status":"publish","type":"tribe_events","link":"https:\/\/ad-dialoguesange.org\/hu\/event\/visio-rencontre-dialogues-ange-marguerite-kardos-8-fevrier-2024\/","title":{"rendered":"Video-tal\u00e1lkoz\u00f3 a \"P\u00e1rbesz\u00e9dek az angyallal\" t\u00e9m\u00e1ban - Kardos Margit"},"content":{"rendered":"<h1 style=\"text-align: center\">Besz\u00e9lget\u00e9s a k\u00f6nyvr\u0151l<br \/>\n\"P\u00e1rbesz\u00e9dek az angyallal<\/h1>\n<h4 style=\"text-align: center\">h\u00e1zigazd\u00e1ja<\/h4>\n<h2 style=\"text-align: center\">Kardos Margit<\/h2>\n<h3 style=\"text-align: center\"><span style=\"color: #0000ff\">febru\u00e1r 8., cs\u00fct\u00f6rt\u00f6k 2024. febru\u00e1r 8., 20.00 \u00f3rakor<br \/>\n<\/span><\/h3>\n<h5 style=\"text-align: center\">Videokonferencia a Zoom seg\u00edts\u00e9g\u00e9vel<br \/>\nAz ADDA szervez\u00e9s\u00e9ben, az \u00c0 Ciel Ouvert TV-vel egy\u00fcttm\u0171k\u00f6dve<\/h5>\n<p>&nbsp;<\/p>\n<p>Az 1943-ban \u00e9s 1944-ben sz\u00e9tszak\u00edtott Eur\u00f3pa sz\u00edv\u00e9ben n\u00e9gy fiatal magyar m\u0171v\u00e9sz az igazs\u00e1got keresve olyan szellemi kalandot \u00e9l \u00e1t, amely ma is ugyanolyan aktu\u00e1lis, mint akkor, a mi \u00e1tmeneti korunkban.<\/p>\n<p>Ezeken az est\u00e9ken hangos felolvas\u00e1sok v\u00e1ltakoznak a kiv\u00e1lasztott t\u00e9m\u00e1kr\u00f3l sz\u00f3l\u00f3 medit\u00e1ci\u00f3kkal \u00e9s besz\u00e9lget\u00e9sekkel a sum\u00e9r, perzsa, egyiptomi \u00e9s kereszt\u00e9ny angyalok ragyog\u00f3 tekintete alatt.<\/p>\n<p>Az Angyal csendes, \"fert\u0151z\u0151\" jelenl\u00e9t\u00e9nek titk\u00e1ban, az \u00e9n legmagasabb szintj\u00e9n, a f\u00e9nyp\u00f3lusunkban, \u00e1talakul\u00e1s megy v\u00e9gbe. Hagyjuk, hogy a csend, a metamorf\u00f3zis \u0151rz\u0151je m\u0171k\u00f6dj\u00f6n, \u00e9s kock\u00e1ztassuk meg az \"ugr\u00e1st az ismeretlenbe\".<\/p>\n<h4>Hangsz\u00f3r\u00f3k<\/h4>\n<figure id=\"attachment_39689\" aria-describedby=\"caption-attachment-39689\" style=\"width: 150px\" class=\"wp-caption alignleft\"><img loading=\"lazy\" decoding=\"async\" class=\"wp-image-39689 size-thumbnail\" src=\"https:\/\/acielouvertparis.org\/wp-content\/uploads\/2020\/11\/Marguerite_Kardos-Portrait_Home-Carre-150x150.jpg\" alt=\"Marguerite Kardos\" width=\"150\" height=\"150\" \/><figcaption id=\"caption-attachment-39689\" class=\"wp-caption-text\">Kardos Margit<\/figcaption><\/figure>\n<p>&nbsp;<\/p>\n<p class=\"brz-tp-paragraph brz-mb-lg-4 brz-text-lg-justify\"><span class=\"brz-cp-color7\"><strong>Kardos Margit<\/strong> est linguiste-orientaliste, sp\u00e9cialiste de Sumer et des m\u00e9decines sacr\u00e9es. Elle est \u00e9galement th\u00e9rapeute et praticienne en \u00e9nerg\u00e9tique chinoise traditionnelle, et vice-pr\u00e9sidente de l&rsquo;association <a href=\"https:\/\/acielouvertparis.org\/\" target=\"_blank\" rel=\"noopener noreferrer\">\u00c0 Ciel Ouvert P\u00e1rizs<\/a>.<\/span><\/p>\n<p class=\"brz-tp-paragraph brz-mb-lg-4 brz-text-lg-justify\"><span class=\"brz-cp-color7\">D&rsquo;origine hongroise et amie proche de Gitta Mallasz, elle est pr\u00e9sidente de l\u2019association <a href=\"https:\/\/ad-dialoguesange.org\/hu\/\" target=\"_blank\" rel=\"noopener noreferrer\">ADDA<\/a> amely elosztja <em>az angyal v\u00e1laszol<\/em>.<\/span><\/p>\n<h4><\/h4>\n<h4><\/h4>\n<h4>Gyakorlati inform\u00e1ci\u00f3k<\/h4>\n<h5>Menetrend<\/h5>\n<ul>\n<li>k\u00e9thavonta egy cs\u00fct\u00f6rt\u00f6k\u00f6n, 20:00 \u00e9s 22:00 \u00f3ra k\u00f6z\u00f6tt.<\/li>\n<\/ul>\n<p><em>K\u00f6vetkez\u0151 id\u0151pontok:<\/em><\/p>\n<ul>\n<li><strong>2024-ben :<\/strong>\u00a0 \u00e1prilis 11., j\u00fanius 20.<\/li>\n<\/ul>\n<div style=\"background-color: #ffffff;border: 1px solid;padding: 1px 20px 1px 20px\">\n<h4>Regisztr\u00e1ci\u00f3<\/h4>\n<p>Pour vous inscrire \u00e0 l&rsquo;\u00e9v\u00e8nement et recevoir le lien d&rsquo;acc\u00e8s \u00e0 la visioconf\u00e9rence cliquez sur le bouton ci-dessous pour rejoindre la page d&rsquo;inscription sur le site de A Ciel Ouvert TV<br \/>\n<a href=\"https:\/\/acielouvert.tv\/event\/visio-rencontre-dialogues-ange-marguerite-kardos-8-fevrier-2024\/\" target=\"_blank\" rel=\"noopener noreferrer\"><img loading=\"lazy\" decoding=\"async\" class=\"aligncenter wp-image-40451 size-medium\" src=\"https:\/\/ad-dialoguesange.org\/wp-content\/uploads\/2021\/11\/ADDA-Bouton-Inscription-512-300x65-1.png\" alt=\"JE M'INSCRIS\" width=\"300\" height=\"65\" \/><\/a><\/p>\n<\/div>","protected":false},"excerpt":{"rendered":"<p> Dans ces soir\u00e9es, lectures \u00e0 haute voix de \u00ab\u00a0Dialogues avec l&rsquo;Ange\u00a0\u00bb alternent avec m\u00e9ditations et \u00e9changes autour de cet enseignement d\u2019une actualit\u00e9 br\u00fblante.<\/p>","protected":false},"author":6,"featured_media":10104,"template":"","meta":{"_tribe_events_status":"","_tribe_events_status_reason":"","footnotes":""},"tags":[27,34,33,41,42,35],"tribe_events_cat":[37,39],"class_list":["post-11024","tribe_events","type-tribe_events","status-publish","has-post-thumbnail","hentry","tag-dialogues-avec-lange","tag-lecture","tag-marguerite-kardos","tag-meditation","tag-spiritualite","tag-visioconference","tribe_events_cat-a-la-une","tribe_events_cat-rencontres","cat_a-la-une","cat_rencontres"],"blocksy_meta":[],"brizy_media":[],"_links":{"self":[{"href":"https:\/\/ad-dialoguesange.org\/hu\/wp-json\/wp\/v2\/tribe_events\/11024","targetHints":{"allow":["GET"]}}],"collection":[{"href":"https:\/\/ad-dialoguesange.org\/hu\/wp-json\/wp\/v2\/tribe_events"}],"about":[{"href":"https:\/\/ad-dialoguesange.org\/hu\/wp-json\/wp\/v2\/types\/tribe_events"}],"author":[{"embeddable":true,"href":"https:\/\/ad-dialoguesange.org\/hu\/wp-json\/wp\/v2\/users\/6"}],"version-history":[{"count":2,"href":"https:\/\/ad-dialoguesange.org\/hu\/wp-json\/wp\/v2\/tribe_events\/11024\/revisions"}],"predecessor-version":[{"id":11587,"href":"https:\/\/ad-dialoguesange.org\/hu\/wp-json\/wp\/v2\/tribe_events\/11024\/revisions\/11587"}],"wp:featuredmedia":[{"embeddable":true,"href":"https:\/\/ad-dialoguesange.org\/hu\/wp-json\/wp\/v2\/media\/10104"}],"wp:attachment":[{"href":"https:\/\/ad-dialoguesange.org\/hu\/wp-json\/wp\/v2\/media?parent=11024"}],"wp:term":[{"taxonomy":"post_tag","embeddable":true,"href":"https:\/\/ad-dialoguesange.org\/hu\/wp-json\/wp\/v2\/tags?post=11024"},{"taxonomy":"tribe_events_cat","embeddable":true,"href":"https:\/\/ad-dialoguesange.org\/hu\/wp-json\/wp\/v2\/tribe_events_cat?post=11024"}],"curies":[{"name":"wp","href":"https:\/\/api.w.org\/{rel}","templated":true}]}}

Video-találkozó a "Párbeszédek az angyallal" témában - Kardos Margit

<h1 style="text-align: center">Beszélgetés a könyvről<br />
"Párbeszédek az angyallal</h1>
<h4 style="text-align: center">házigazdája</h4>
<h2 style="text-align: center">Kardos Margit</h2>
<h3 style="text-align: center"><span style="color: #0000ff">február 8., csütörtök 2024. február 8., 20.00 órakor<br />
</span></h3>
<h5 style="text-align: center">Videokonferencia a Zoom segítségével<br />
Az ADDA szervezésében, az À Ciel Ouvert TV-vel együttműködve</h5>
<p>&nbsp;</p>
<p>Az 1943-ban és 1944-ben szétszakított Európa szívében négy fiatal magyar művész az igazságot keresve olyan szellemi kalandot él át, amely ma is ugyanolyan aktuális, mint akkor, a mi átmeneti korunkban.</p>
<p>Ezeken az estéken hangos felolvasások váltakoznak a kiválasztott témákról szóló meditációkkal és beszélgetésekkel a sumér, perzsa, egyiptomi és keresztény angyalok ragyogó tekintete alatt.</p>
<p>Az Angyal csendes, "fertőző" jelenlétének titkában, az én legmagasabb szintjén, a fénypólusunkban, átalakulás megy végbe. Hagyjuk, hogy a csend, a metamorfózis őrzője működjön, és kockáztassuk meg az "ugrást az ismeretlenbe".</p>
<h4>Hangszórók</h4>
<figure id="attachment_39689" aria-describedby="caption-attachment-39689" style="width: 150px" class="wp-caption alignleft"><img loading="lazy" decoding="async" class="wp-image-39689 size-thumbnail" src="https://acielouvertparis.org/wp-content/uploads/2020/11/Marguerite_Kardos-Portrait_Home-Carre-150x150.jpg" alt="Marguerite Kardos" width="150" height="150" /><figcaption id="caption-attachment-39689" class="wp-caption-text">Kardos Margit</figcaption></figure>
<p>&nbsp;</p>
<p class="brz-tp-paragraph brz-mb-lg-4 brz-text-lg-justify"><span class="brz-cp-color7"><strong>Kardos Margit</strong> est linguiste-orientaliste, spécialiste de Sumer et des médecines sacrées. Elle est également thérapeute et praticienne en énergétique chinoise traditionnelle, et vice-présidente de l&rsquo;association <a href="https://acielouvertparis.org/" target="_blank" rel="noopener noreferrer">À Ciel Ouvert Párizs</a>.</span></p>
<p class="brz-tp-paragraph brz-mb-lg-4 brz-text-lg-justify"><span class="brz-cp-color7">D&rsquo;origine hongroise et amie proche de Gitta Mallasz, elle est présidente de l’association <a href="https://ad-dialoguesange.org/hu/" target="_blank" rel="noopener noreferrer">ADDA</a> amely elosztja <em>az angyal válaszol</em>.</span></p>
<h4></h4>
<h4></h4>
<h4>Gyakorlati információk</h4>
<h5>Menetrend</h5>
<ul>
<li>kéthavonta egy csütörtökön, 20:00 és 22:00 óra között.</li>
</ul>
<p><em>Következő időpontok:</em></p>
<ul>
<li><strong>2024-ben :</strong>  április 11., június 20.</li>
</ul>
<div style="background-color: #ffffff;border: 1px solid;padding: 1px 20px 1px 20px">
<h4>Regisztráció</h4>
<p>Pour vous inscrire à l&rsquo;évènement et recevoir le lien d&rsquo;accès à la visioconférence cliquez sur le bouton ci-dessous pour rejoindre la page d&rsquo;inscription sur le site de A Ciel Ouvert TV<br />
<a href="https://acielouvert.tv/event/visio-rencontre-dialogues-ange-marguerite-kardos-8-fevrier-2024/" target="_blank" rel="noopener noreferrer"><img loading="lazy" decoding="async" class="aligncenter wp-image-40451 size-medium" src="https://ad-dialoguesange.org/wp-content/uploads/2021/11/ADDA-Bouton-Inscription-512-300x65-1.png" alt="JE M'INSCRIS" width="300" height="65" /></a></p>
</div>

<p> Dans ces soirées, lectures à haute voix de « Dialogues avec l&rsquo;Ange » alternent avec méditations et échanges autour de cet enseignement d’une actualité brûlante.</p>
