{"id":10987,"date":"2022-10-01T20:00:09","date_gmt":"2022-10-01T18:00:09","guid":{"rendered":"https:\/\/ad-dialoguesange.org\/?post_type=tribe_events&#038;p=10987"},"modified":"2025-05-05T10:52:38","modified_gmt":"2025-05-05T08:52:38","slug":"cercle-da-aurelie-chalbos-2023-10-13","status":"publish","type":"tribe_events","link":"https:\/\/ad-dialoguesange.org\/hu\/event\/cercle-da-aurelie-chalbos-2023-10-13\/","title":{"rendered":"Vide\u00f3k\u00f6r a \"Dialogues avec l'Ange\" (P\u00e1rbesz\u00e9dek az angyallal) c\u00edm\u0171 k\u00f6nyvr\u0151l"},"content":{"rendered":"<h1 style=\"text-align: center\">Vide\u00f3k\u00f6r a \"Dialogues avec l'Ange\" (P\u00e1rbesz\u00e9dek az angyallal) c\u00edm\u0171 k\u00f6nyvr\u0151l<\/h1>\n<h5 style=\"text-align: center\">H\u00e1zigazda:<\/h5>\n<h2 style=\"text-align: center\">Aur\u00e9lie Chalbos<\/h2>\n<h4 style=\"text-align: center\">okt\u00f3ber 13., p\u00e9ntek, 2023. okt\u00f3ber 13., 15.00 \u00f3ra<\/h4>\n<h5 style=\"text-align: center\">Videokonferencia \u00fatj\u00e1n a \"Zoom\" seg\u00edts\u00e9g\u00e9vel (vagy szem\u00e9lyesen a Cit\u00e9 des Consciences-ben).<\/h5>\n<p><em>az angyal v\u00e1laszol<\/em>A rem\u00e9ny \u00e9s a hit eme \u00fczenete \u00e9get\u0151 aktualit\u00e1ssal rezon\u00e1l az \u00e1tmenet idej\u00e9n. Olvas\u00f3k milli\u00f3i t\u00e1pl\u00e1lkoznak vil\u00e1gszerte\u00a0<em>az angyal v\u00e1laszol<\/em>22 nyelvre ford\u00edtott\u00e1k le.<\/p>\n<p>Egy t\u00e9ma k\u00f6r\u00e9 csoportos\u00edtva felv\u00e1ltva olvasnak fel r\u00e9szleteket a k\u00f6nyvb\u0151l, majd a k\u00e9rd\u00e9sek megoszt\u00e1sa \u00e9s a sz\u00f6vegnek az egyes szem\u00e9lyek saj\u00e1t tapasztalataival val\u00f3 \u00f6sszecseng\u00e9se k\u00f6vetkezik. Az angyalok tan\u00edt\u00e1sa \u00faj szemeket \u00e9s f\u00fcleket nyit meg, hozz\u00e1f\u00e9r\u00e9st biztos\u00edtva a benn\u00fcnk rejl\u0151 ismeretlenhez, az \u00daj Vil\u00e1g szolg\u00e1lat\u00e1ban, a bels\u0151 vezet\u0151nkkel val\u00f3 kapcsolat fel\u00e9breszt\u00e9se \u00e1ltal, hogy seg\u00edtsen benn\u00fcnket egyedi feladatunk teljes\u00edt\u00e9s\u00e9ben.<\/p>\n<p>Aur\u00e9lie Chalbos egy t\u00e1voktat\u00e1si foglalkoz\u00e1st fog vezetni, ahol minden r\u00e9sztvev\u0151 a saj\u00e1t sz\u00e1m\u00edt\u00f3g\u00e9p\u00e9r\u0151l, tabletj\u00e9r\u0151l vagy telefonj\u00e1r\u00f3l dolgozhat, hogy egy\u00e9nileg \u00e9s k\u00f6z\u00f6sen fedezz\u00e9k fel a Dial\u00f3gusok az angyalokkal spiritu\u00e1lis tan\u00edt\u00e1sait, \u00e9s azokat a mindennapokban meg\u00e9lj\u00e9k.<\/p>\n<p><em>Rendezv\u00e9ny videokonferenci\u00e1n kereszt\u00fcl a Zoomon kereszt\u00fcl vagy szem\u00e9lyesen a Cit\u00e9 des Consciences-ben - Ingyenes r\u00e9szv\u00e9tel a lelkiismeretess\u00e9gen kereszt\u00fcl<\/em><\/p>\n<h4>Besz\u00e9l\u0151<\/h4>\n<div id=\"attachment_51819\" class=\"wp-caption alignleft\">\n<p><img loading=\"lazy\" decoding=\"async\" class=\"size-thumbnail wp-image-51819\" src=\"https:\/\/acielouvert.tv\/wp-content\/uploads\/2023\/06\/Aurelie_Chalbos-Portrait-600x600-1-150x150.jpg\" alt=\"Aur\u00e9lie Chalbos\" width=\"150\" height=\"150\" aria-describedby=\"caption-attachment-51819\" \/><\/p>\n<p id=\"caption-attachment-51819\" class=\"wp-caption-text\">Aur\u00e9lie Chalbos<\/p>\n<\/div>\n<p>&nbsp;<\/p>\n<p><strong>Aur\u00e9lie Chalbos<\/strong>\u00a0k\u00ednai energi\u00e1ra, Tuina massz\u00e1zsra, szent tang\u00f3ra, Qi Gongra \u00e9s szakmai coachingra szakosodott testpszichoterapeuta.<\/p>\n<p>Kor\u00e1bban rep\u00fcl\u0151g\u00e9pm\u00e9rn\u00f6k, a\u00a0<a href=\"https:\/\/lacitedesconsciences.fr\/\" target=\"_blank\" rel=\"noopener\">A tudatoss\u00e1g v\u00e1rosa<\/a>\u00a0\u00e9s a m\u00e9dia\u00a0<a href=\"https:\/\/acielouvert.tv\/\" target=\"_blank\" rel=\"noopener\">\u00c0 Ciel Ouvert TV<\/a>Szenved\u00e9lyesen szereti a kapcsolatteremt\u00e9st \u00e9s az emberek \u00f6sszehoz\u00e1s\u00e1t, hogy t\u00e1mogassa az egy\u00e9ni \u00e9s kollekt\u00edv bels\u0151 \u00e1talakul\u00e1st.<\/p>\n<h4><\/h4>\n<h4><\/h4>\n<h4><\/h4>\n<h4><strong>Gyakorlati inform\u00e1ci\u00f3k<\/strong><\/h4>\n<h5><u><strong>Menetrend :<\/strong><\/u><\/h5>\n<ul>\n<li>P\u00e9ntek d\u00e9lut\u00e1nonk\u00e9nt, havonta egyszer, 15:00-17:00 \u00f3ra k\u00f6z\u00f6tt.<\/li>\n<li>K\u00f6vetkez\u0151 k\u00f6r\u00f6k: november 17., 2023. december 8., janu\u00e1r 12., febru\u00e1r 2., m\u00e1rcius 15., \u00e1prilis 5., m\u00e1jus 24., 2024. j\u00fanius 21.<\/li>\n<\/ul>\n<h5>\u00c1rak :<\/h5>\n<p>Ingyenes r\u00e9szv\u00e9tel, a Cit\u00e9 des Consciences-ben tartott tal\u00e1lkoz\u00f3k szervez\u00e9si k\u00f6lts\u00e9geinek, valamint az \u00c0 Ciel Ouvert TV m\u00e9dium \u00e1ltal t\u00f6rt\u00e9n\u0151 k\u00f6zvet\u00edt\u00e9s \u00e9s a vide\u00f3k k\u00e9sz\u00edt\u00e9s\u00e9nek k\u00f6lts\u00e9geinek t\u00e1mogat\u00e1sa.<\/p>\n<h5>Foglal\u00e1sok:<\/h5>\n<p>Ha szeretne regisztr\u00e1lni az esem\u00e9nyre, foglalja le hely\u00e9t most az al\u00e1bbi gombok egyik\u00e9re kattintva az esem\u00e9ny oldal\u00e1ra, majd k\u00f6vesse a regisztr\u00e1ci\u00f3hoz sz\u00fcks\u00e9ges utas\u00edt\u00e1sokat:<\/p>\n<h5><\/h5>\n<p><a href=\"https:\/\/acielouvert.tv\/event\/dialogues-ange-aurelie-chalbos-13-octobre-2023\/\" target=\"_blank\" rel=\"noopener\"><img loading=\"lazy\" decoding=\"async\" class=\"aligncenter wp-image-40451 size-medium\" src=\"https:\/\/acielouvert.tv\/wp-content\/uploads\/2022\/01\/ACOTV-Bouton-Inscription-Visio-512-300x65.png\" alt=\"JE M'INSCRIS\" width=\"300\" height=\"65\" \/><\/a><\/p>\n<h5>Szem\u00e9lyesen a Cit\u00e9 des Consciences-ben :<\/h5>\n<p><a href=\"https:\/\/lacitedesconsciences.fr\/event\/dialogues-ange-aurelie-chalbos-13-octobre-2023\/\" target=\"_blank\" rel=\"noopener\"><img loading=\"lazy\" decoding=\"async\" class=\"aligncenter wp-image-45666 size-medium\" src=\"https:\/\/acielouvert.tv\/wp-content\/uploads\/2022\/01\/ACOTV-Bouton-Inscription-Presentiel-512-300x65.png\" alt=\"Je m'inscris en pr\u00e9sentiel\" width=\"300\" height=\"65\" \/><\/a><\/p>","protected":false},"excerpt":{"rendered":"<p>Alk\u00edmia a P\u00e1rbesz\u00e9dek az angyallal tematikus olvasm\u00e1nyai, a rem\u00e9ny \u00e9s a hit eme \u00fczenete k\u00f6z\u00f6tt, amely annyira aktu\u00e1lis a mi \u00e1tmeneti id\u0151nkben, \u00e9s az \u00e9l\u0151 k\u00e9rd\u00e9seink megoszt\u00e1sa k\u00f6z\u00f6tt, amelyek mindannyiunk tapasztalat\u00e1val rezon\u00e1lnak, hogy elk\u00eds\u00e9rjenek minket a saj\u00e1t utunkon.<\/p>","protected":false},"author":6,"featured_media":10755,"template":"","meta":{"_tribe_events_status":"","_tribe_events_status_reason":"","footnotes":""},"tags":[27,34,41,42,35],"tribe_events_cat":[37,39],"class_list":["post-10987","tribe_events","type-tribe_events","status-publish","has-post-thumbnail","hentry","tag-dialogues-avec-lange","tag-lecture","tag-meditation","tag-spiritualite","tag-visioconference","tribe_events_cat-a-la-une","tribe_events_cat-rencontres","cat_a-la-une","cat_rencontres"],"blocksy_meta":[],"brizy_media":[],"_links":{"self":[{"href":"https:\/\/ad-dialoguesange.org\/hu\/wp-json\/wp\/v2\/tribe_events\/10987","targetHints":{"allow":["GET"]}}],"collection":[{"href":"https:\/\/ad-dialoguesange.org\/hu\/wp-json\/wp\/v2\/tribe_events"}],"about":[{"href":"https:\/\/ad-dialoguesange.org\/hu\/wp-json\/wp\/v2\/types\/tribe_events"}],"author":[{"embeddable":true,"href":"https:\/\/ad-dialoguesange.org\/hu\/wp-json\/wp\/v2\/users\/6"}],"version-history":[{"count":5,"href":"https:\/\/ad-dialoguesange.org\/hu\/wp-json\/wp\/v2\/tribe_events\/10987\/revisions"}],"predecessor-version":[{"id":11023,"href":"https:\/\/ad-dialoguesange.org\/hu\/wp-json\/wp\/v2\/tribe_events\/10987\/revisions\/11023"}],"wp:featuredmedia":[{"embeddable":true,"href":"https:\/\/ad-dialoguesange.org\/hu\/wp-json\/wp\/v2\/media\/10755"}],"wp:attachment":[{"href":"https:\/\/ad-dialoguesange.org\/hu\/wp-json\/wp\/v2\/media?parent=10987"}],"wp:term":[{"taxonomy":"post_tag","embeddable":true,"href":"https:\/\/ad-dialoguesange.org\/hu\/wp-json\/wp\/v2\/tags?post=10987"},{"taxonomy":"tribe_events_cat","embeddable":true,"href":"https:\/\/ad-dialoguesange.org\/hu\/wp-json\/wp\/v2\/tribe_events_cat?post=10987"}],"curies":[{"name":"wp","href":"https:\/\/api.w.org\/{rel}","templated":true}]}}

Videókör a "Dialogues avec l'Ange" (Párbeszédek az angyallal) című könyvről

<h1 style="text-align: center">Videókör a "Dialogues avec l'Ange" (Párbeszédek az angyallal) című könyvről</h1>
<h5 style="text-align: center">Házigazda:</h5>
<h2 style="text-align: center">Aurélie Chalbos</h2>
<h4 style="text-align: center">október 13., péntek, 2023. október 13., 15.00 óra</h4>
<h5 style="text-align: center">Videokonferencia útján a "Zoom" segítségével (vagy személyesen a Cité des Consciences-ben).</h5>
<p><em>az angyal válaszol</em>A remény és a hit eme üzenete égető aktualitással rezonál az átmenet idején. Olvasók milliói táplálkoznak világszerte <em>az angyal válaszol</em>22 nyelvre fordították le.</p>
<p>Egy téma köré csoportosítva felváltva olvasnak fel részleteket a könyvből, majd a kérdések megosztása és a szövegnek az egyes személyek saját tapasztalataival való összecsengése következik. Az angyalok tanítása új szemeket és füleket nyit meg, hozzáférést biztosítva a bennünk rejlő ismeretlenhez, az Új Világ szolgálatában, a belső vezetőnkkel való kapcsolat felébresztése által, hogy segítsen bennünket egyedi feladatunk teljesítésében.</p>
<p>Aurélie Chalbos egy távoktatási foglalkozást fog vezetni, ahol minden résztvevő a saját számítógépéről, tabletjéről vagy telefonjáról dolgozhat, hogy egyénileg és közösen fedezzék fel a Dialógusok az angyalokkal spirituális tanításait, és azokat a mindennapokban megéljék.</p>
<p><em>Rendezvény videokonferencián keresztül a Zoomon keresztül vagy személyesen a Cité des Consciences-ben - Ingyenes részvétel a lelkiismeretességen keresztül</em></p>
<h4>Beszélő</h4>
<div id="attachment_51819" class="wp-caption alignleft">
<p><img loading="lazy" decoding="async" class="size-thumbnail wp-image-51819" src="https://acielouvert.tv/wp-content/uploads/2023/06/Aurelie_Chalbos-Portrait-600x600-1-150x150.jpg" alt="Aurélie Chalbos" width="150" height="150" aria-describedby="caption-attachment-51819" /></p>
<p id="caption-attachment-51819" class="wp-caption-text">Aurélie Chalbos</p>
</div>
<p>&nbsp;</p>
<p><strong>Aurélie Chalbos</strong> kínai energiára, Tuina masszázsra, szent tangóra, Qi Gongra és szakmai coachingra szakosodott testpszichoterapeuta.</p>
<p>Korábban repülőgépmérnök, a <a href="https://lacitedesconsciences.fr/" target="_blank" rel="noopener">A tudatosság városa</a> és a média <a href="https://acielouvert.tv/" target="_blank" rel="noopener">À Ciel Ouvert TV</a>Szenvedélyesen szereti a kapcsolatteremtést és az emberek összehozását, hogy támogassa az egyéni és kollektív belső átalakulást.</p>
<h4></h4>
<h4></h4>
<h4></h4>
<h4><strong>Gyakorlati információk</strong></h4>
<h5><u><strong>Menetrend :</strong></u></h5>
<ul>
<li>Péntek délutánonként, havonta egyszer, 15:00-17:00 óra között.</li>
<li>Következő körök: november 17., 2023. december 8., január 12., február 2., március 15., április 5., május 24., 2024. június 21.</li>
</ul>
<h5>Árak :</h5>
<p>Ingyenes részvétel, a Cité des Consciences-ben tartott találkozók szervezési költségeinek, valamint az À Ciel Ouvert TV médium által történő közvetítés és a videók készítésének költségeinek támogatása.</p>
<h5>Foglalások:</h5>
<p>Ha szeretne regisztrálni az eseményre, foglalja le helyét most az alábbi gombok egyikére kattintva az esemény oldalára, majd kövesse a regisztrációhoz szükséges utasításokat:</p>
<h5></h5>
<p><a href="https://acielouvert.tv/event/dialogues-ange-aurelie-chalbos-13-octobre-2023/" target="_blank" rel="noopener"><img loading="lazy" decoding="async" class="aligncenter wp-image-40451 size-medium" src="https://acielouvert.tv/wp-content/uploads/2022/01/ACOTV-Bouton-Inscription-Visio-512-300x65.png" alt="JE M'INSCRIS" width="300" height="65" /></a></p>
<h5>Személyesen a Cité des Consciences-ben :</h5>
<p><a href="https://lacitedesconsciences.fr/event/dialogues-ange-aurelie-chalbos-13-octobre-2023/" target="_blank" rel="noopener"><img loading="lazy" decoding="async" class="aligncenter wp-image-45666 size-medium" src="https://acielouvert.tv/wp-content/uploads/2022/01/ACOTV-Bouton-Inscription-Presentiel-512-300x65.png" alt="Je m'inscris en présentiel" width="300" height="65" /></a></p>

<p>Alkímia a Párbeszédek az angyallal tematikus olvasmányai, a remény és a hit eme üzenete között, amely annyira aktuális a mi átmeneti időnkben, és az élő kérdéseink megosztása között, amelyek mindannyiunk tapasztalatával rezonálnak, hogy elkísérjenek minket a saját utunkon.</p>
