{"id":10188,"date":"2022-01-01T20:00:09","date_gmt":"2022-01-01T19:00:09","guid":{"rendered":"https:\/\/ad-dialoguesange.org\/?post_type=tribe_events&#038;p=10188"},"modified":"2025-05-05T10:52:38","modified_gmt":"2025-05-05T08:52:38","slug":"forum-104-decouvrir-dialogues-avec-lange-marguerite-kardos-2023-04-04","status":"publish","type":"tribe_events","link":"https:\/\/ad-dialoguesange.org\/hu\/event\/forum-104-decouvrir-dialogues-avec-lange-marguerite-kardos-2023-04-04\/","title":{"rendered":"Michel Cazenave \"Gitta Mallasz, le scribe des l'Ange\" c\u00edm\u0171 filmj\u00e9nek vet\u00edt\u00e9se."},"content":{"rendered":"<h1 style=\"text-align: center\">A film vet\u00edt\u00e9se<br \/>\n\"Mallasz Gitta, az Angyalok \u00edrnoka<\/h1>\n<h3 style=\"text-align: center\">Michel Cazenave (55 perc francia)<\/h3>\n<h3 style=\"text-align: center\">a FORUM 104 szervez\u00e9s\u00e9ben<br \/>\nh\u00e1zigazd\u00e1ja<\/h3>\n<h2 style=\"text-align: center\">Kardos Margit<\/h2>\n<h3 style=\"text-align: center\">2023. \u00e1prilis 4., kedd 19:00-21:00 \u00f3ra k\u00f6z\u00f6tt<\/h3>\n<p style=\"text-align: left\"><img loading=\"lazy\" decoding=\"async\" class=\"size-medium wp-image-1638 aligncenter\" src=\"https:\/\/ad-dialoguesange.org\/wp-content\/uploads\/2005\/12\/Gitta_Mallasz-Michel_Cazenave-1992-300x222.jpg\" alt=\"\" width=\"300\" height=\"222\" srcset=\"https:\/\/ad-dialoguesange.org\/wp-content\/uploads\/2005\/12\/Gitta_Mallasz-Michel_Cazenave-1992-300x222.jpg 300w, https:\/\/ad-dialoguesange.org\/wp-content\/uploads\/2005\/12\/Gitta_Mallasz-Michel_Cazenave-1992-16x12.jpg 16w, https:\/\/ad-dialoguesange.org\/wp-content\/uploads\/2005\/12\/Gitta_Mallasz-Michel_Cazenave-1992.jpg 418w\" sizes=\"auto, (max-width: 300px) 100vw, 300px\" \/>A vet\u00edt\u00e9st Gitt\u00e1t ismer\u0151 bar\u00e1tok besz\u00e1mol\u00f3i k\u00f6vetik.<\/p>\n<p style=\"text-align: left\">Vil\u00e1gszerte olvas\u00f3k ezrei kaptak t\u00e1pl\u00e1l\u00e9kot a Dialogues avce l'Ange (kiad\u00f3ja az Aubier). Ebb\u0151l a ma is \u00e9l\u0151 forr\u00e1sb\u00f3l mer\u00edtettek, amely f\u00e9l \u00e9vsz\u00e1zaddal ezel\u0151tt Budapesten keletkezett n\u00e9gy magyar fiatal: Hanna, Lili, J\u00f3zsef \u00e9s Gitta k\u00f6zvet\u00edt\u00e9s\u00e9vel.<\/p>\n<p style=\"text-align: left\">Ez a n\u00e9gy bar\u00e1t 17 h\u00f3napon kereszt\u00fcl sz\u00f3r\u00f3l sz\u00f3ra r\u00f6gz\u00edtette egy angyal tan\u00edt\u00e1sait, amelyeket Hanna adott \u00e1t, \u00e9s amelyek k\u00f6z\u00fcl h\u00e1rman, zsid\u00f3k, a hal\u00e1lt\u00e1borokban pusztultak el. Gitta, az egyetlen t\u00fal\u00e9l\u0151, az \u00e9rt\u00e9kes besz\u00e9lget\u00e9seket tartalmaz\u00f3 jegyzetf\u00fczeteket visszahozta Franciaorsz\u00e1gba.<\/p>\n<p style=\"text-align: left\">Ez a kiv\u00e9teles dokumentum, amely hat h\u00e9ttel Mallasz Gitta 85 \u00e9ves kor\u00e1ban bek\u00f6vetkezett hal\u00e1la el\u0151tt k\u00e9sz\u00fclt, az Angyalok \u00edrnok\u00e1nak p\u00e1lyafut\u00e1s\u00e1t \u00e9s hat\u00e1s\u00e1t mutatja be.<\/p>\n<p><img loading=\"lazy\" decoding=\"async\" class=\"wp-image-2960\" src=\"https:\/\/ad-dialoguesange.org\/wp-content\/uploads\/2021\/11\/Marguerite_Kardos-Portrait_Home-Carre-300x300.jpg\" alt=\"Marguerite Kardos\" width=\"170\" height=\"170\" srcset=\"https:\/\/ad-dialoguesange.org\/wp-content\/uploads\/2021\/11\/Marguerite_Kardos-Portrait_Home-Carre-300x300.jpg 300w, https:\/\/ad-dialoguesange.org\/wp-content\/uploads\/2021\/11\/Marguerite_Kardos-Portrait_Home-Carre-150x150.jpg 150w, https:\/\/ad-dialoguesange.org\/wp-content\/uploads\/2021\/11\/Marguerite_Kardos-Portrait_Home-Carre-12x12.jpg 12w, https:\/\/ad-dialoguesange.org\/wp-content\/uploads\/2021\/11\/Marguerite_Kardos-Portrait_Home-Carre.jpg 768w\" sizes=\"auto, (max-width: 170px) 100vw, 170px\" \/><\/p>\n<p>A  c\u00edmen <b>Kardos Margit <\/b>, linguiste-orientaliste, sp\u00e9cialiste de Sumer et des m\u00e9decines sacr\u00e9es. D\u2019origine hongroise et amie proche de Gitta Mallasz, elle a particip\u00e9 \u00e0 la premi\u00e8re traduction de Dialogues avec l&rsquo;Ange parue en 1976. Elle est pr\u00e9sidente de l\u2019association ADDA qui s\u2019occupe de la diffusion de cet enseignement.<\/p>\n<p><em>A tal\u00e1lkoz\u00f3 mindenki sz\u00e1m\u00e1ra nyitott -<\/em><\/p>\n<h3><strong>Gyakorlati inform\u00e1ci\u00f3k<\/strong><\/h3>\n<ul>\n<li>Nyitva tart\u00e1s: 19:00-21:00<\/li>\n<li>Helysz\u00edn: Forum 104, 104rue de Vaugirard 75006 PARIS<\/li>\n<li>Ingyenes r\u00e9szv\u00e9tel<u><strong><br \/>\n<\/strong><\/u><\/li>\n<li>L\u00e1sd a f\u00f3rum honlapj\u00e1t <span style=\"color: #0000ff\"><a style=\"color: #0000ff\" href=\"https:\/\/www.forum104.org\/gitta-mallasz-le-scribe-des-anges-projection-du-film-realise-par-michel-cazenave\"><span style=\"color: #00ccff\"><span style=\"color: #00ffff\"><span style=\"color: #ff0000\">itt<\/span><\/span><\/span><\/a><\/span><\/li>\n<\/ul>","protected":false},"excerpt":{"rendered":"<p>Ez a kiv\u00e9teles dokumentum, amely hat h\u00e9ttel Mallasz Gitta 85 \u00e9ves kor\u00e1ban bek\u00f6vetkezett hal\u00e1la el\u0151tt k\u00e9sz\u00fclt, az Angyalok \u00edrnok\u00e1nak p\u00e1lyafut\u00e1s\u00e1t \u00e9s hat\u00e1s\u00e1t mutatja be.<\/p>","protected":false},"author":6,"featured_media":10192,"template":"","meta":{"_tribe_events_status":"","_tribe_events_status_reason":"","footnotes":""},"tags":[27,34,33,41,42],"tribe_events_cat":[37,39],"class_list":["post-10188","tribe_events","type-tribe_events","status-publish","has-post-thumbnail","hentry","tag-dialogues-avec-lange","tag-lecture","tag-marguerite-kardos","tag-meditation","tag-spiritualite","tribe_events_cat-a-la-une","tribe_events_cat-rencontres","cat_a-la-une","cat_rencontres"],"blocksy_meta":[],"brizy_media":[],"_links":{"self":[{"href":"https:\/\/ad-dialoguesange.org\/hu\/wp-json\/wp\/v2\/tribe_events\/10188","targetHints":{"allow":["GET"]}}],"collection":[{"href":"https:\/\/ad-dialoguesange.org\/hu\/wp-json\/wp\/v2\/tribe_events"}],"about":[{"href":"https:\/\/ad-dialoguesange.org\/hu\/wp-json\/wp\/v2\/types\/tribe_events"}],"author":[{"embeddable":true,"href":"https:\/\/ad-dialoguesange.org\/hu\/wp-json\/wp\/v2\/users\/6"}],"version-history":[{"count":5,"href":"https:\/\/ad-dialoguesange.org\/hu\/wp-json\/wp\/v2\/tribe_events\/10188\/revisions"}],"predecessor-version":[{"id":10326,"href":"https:\/\/ad-dialoguesange.org\/hu\/wp-json\/wp\/v2\/tribe_events\/10188\/revisions\/10326"}],"wp:featuredmedia":[{"embeddable":true,"href":"https:\/\/ad-dialoguesange.org\/hu\/wp-json\/wp\/v2\/media\/10192"}],"wp:attachment":[{"href":"https:\/\/ad-dialoguesange.org\/hu\/wp-json\/wp\/v2\/media?parent=10188"}],"wp:term":[{"taxonomy":"post_tag","embeddable":true,"href":"https:\/\/ad-dialoguesange.org\/hu\/wp-json\/wp\/v2\/tags?post=10188"},{"taxonomy":"tribe_events_cat","embeddable":true,"href":"https:\/\/ad-dialoguesange.org\/hu\/wp-json\/wp\/v2\/tribe_events_cat?post=10188"}],"curies":[{"name":"wp","href":"https:\/\/api.w.org\/{rel}","templated":true}]}}

Michel Cazenave "Gitta Mallasz, le scribe des l'Ange" című filmjének vetítése.

<h1 style="text-align: center">A film vetítése<br />
"Mallasz Gitta, az Angyalok írnoka</h1>
<h3 style="text-align: center">Michel Cazenave (55 perc francia)</h3>
<h3 style="text-align: center">a FORUM 104 szervezésében<br />
házigazdája</h3>
<h2 style="text-align: center">Kardos Margit</h2>
<h3 style="text-align: center">2023. április 4., kedd 19:00-21:00 óra között</h3>
<p style="text-align: left"><img loading="lazy" decoding="async" class="size-medium wp-image-1638 aligncenter" src="https://ad-dialoguesange.org/wp-content/uploads/2005/12/Gitta_Mallasz-Michel_Cazenave-1992-300x222.jpg" alt="" width="300" height="222" srcset="https://ad-dialoguesange.org/wp-content/uploads/2005/12/Gitta_Mallasz-Michel_Cazenave-1992-300x222.jpg 300w, https://ad-dialoguesange.org/wp-content/uploads/2005/12/Gitta_Mallasz-Michel_Cazenave-1992-16x12.jpg 16w, https://ad-dialoguesange.org/wp-content/uploads/2005/12/Gitta_Mallasz-Michel_Cazenave-1992.jpg 418w" sizes="auto, (max-width: 300px) 100vw, 300px" />A vetítést Gittát ismerő barátok beszámolói követik.</p>
<p style="text-align: left">Világszerte olvasók ezrei kaptak táplálékot a Dialogues avce l'Ange (kiadója az Aubier). Ebből a ma is élő forrásból merítettek, amely fél évszázaddal ezelőtt Budapesten keletkezett négy magyar fiatal: Hanna, Lili, József és Gitta közvetítésével.</p>
<p style="text-align: left">Ez a négy barát 17 hónapon keresztül szóról szóra rögzítette egy angyal tanításait, amelyeket Hanna adott át, és amelyek közül hárman, zsidók, a haláltáborokban pusztultak el. Gitta, az egyetlen túlélő, az értékes beszélgetéseket tartalmazó jegyzetfüzeteket visszahozta Franciaországba.</p>
<p style="text-align: left">Ez a kivételes dokumentum, amely hat héttel Mallasz Gitta 85 éves korában bekövetkezett halála előtt készült, az Angyalok írnokának pályafutását és hatását mutatja be.</p>
<p><img loading="lazy" decoding="async" class="wp-image-2960" src="https://ad-dialoguesange.org/wp-content/uploads/2021/11/Marguerite_Kardos-Portrait_Home-Carre-300x300.jpg" alt="Marguerite Kardos" width="170" height="170" srcset="https://ad-dialoguesange.org/wp-content/uploads/2021/11/Marguerite_Kardos-Portrait_Home-Carre-300x300.jpg 300w, https://ad-dialoguesange.org/wp-content/uploads/2021/11/Marguerite_Kardos-Portrait_Home-Carre-150x150.jpg 150w, https://ad-dialoguesange.org/wp-content/uploads/2021/11/Marguerite_Kardos-Portrait_Home-Carre-12x12.jpg 12w, https://ad-dialoguesange.org/wp-content/uploads/2021/11/Marguerite_Kardos-Portrait_Home-Carre.jpg 768w" sizes="auto, (max-width: 170px) 100vw, 170px" /></p>
<p>A  címen <b>Kardos Margit </b>, linguiste-orientaliste, spécialiste de Sumer et des médecines sacrées. D’origine hongroise et amie proche de Gitta Mallasz, elle a participé à la première traduction de Dialogues avec l&rsquo;Ange parue en 1976. Elle est présidente de l’association ADDA qui s’occupe de la diffusion de cet enseignement.</p>
<p><em>A találkozó mindenki számára nyitott -</em></p>
<h3><strong>Gyakorlati információk</strong></h3>
<ul>
<li>Nyitva tartás: 19:00-21:00</li>
<li>Helyszín: Forum 104, 104rue de Vaugirard 75006 PARIS</li>
<li>Ingyenes részvétel<u><strong><br />
</strong></u></li>
<li>Lásd a fórum honlapját <span style="color: #0000ff"><a style="color: #0000ff" href="https://www.forum104.org/gitta-mallasz-le-scribe-des-anges-projection-du-film-realise-par-michel-cazenave"><span style="color: #00ccff"><span style="color: #00ffff"><span style="color: #ff0000">itt</span></span></span></a></span></li>
</ul>

<p>Ez a kivételes dokumentum, amely hat héttel Mallasz Gitta 85 éves korában bekövetkezett halála előtt készült, az Angyalok írnokának pályafutását és hatását mutatja be.</p>
