{"id":10106,"date":"2022-01-01T20:00:09","date_gmt":"2022-01-01T19:00:09","guid":{"rendered":"https:\/\/ad-dialoguesange.org\/?post_type=tribe_events&#038;p=10106"},"modified":"2025-05-05T10:52:39","modified_gmt":"2025-05-05T08:52:39","slug":"forum-104-decouvrir-dialogues-avec-lange-marguerite-kardos-2023-02-09","status":"publish","type":"tribe_events","link":"https:\/\/ad-dialoguesange.org\/hu\/event\/forum-104-decouvrir-dialogues-avec-lange-marguerite-kardos-2023-02-09\/","title":{"rendered":"Tapasztald meg ezt az \u00e1tmeneti id\u0151szakot a \"P\u00e1rbesz\u00e9dek az angyallal\" c\u00edm\u0171 el\u0151ad\u00e1ssal."},"content":{"rendered":"<h1 style=\"text-align: center\">Fedezze fel a<br \/>\n\"P\u00e1rbesz\u00e9dek az angyallal<\/h1>\n<h1 class=\"main\" style=\"text-align: center\">\u00c1t\u00e9lni az \u00e1tmenet \u00e9s a megpr\u00f3b\u00e1ltat\u00e1sok id\u0151szak\u00e1t<br \/>\np\u00e1rbesz\u00e9dek az angyallal<\/h1>\n<h4 style=\"text-align: center\">a FORUM 104 szervez\u00e9s\u00e9ben<br \/>\nh\u00e1zigazd\u00e1ja<\/h4>\n<h2 style=\"text-align: center\">Kardos Margit<\/h2>\n<h3 style=\"text-align: center\">2023. febru\u00e1r 9., cs\u00fct\u00f6rt\u00f6k este 7-t\u0151l 21 \u00f3r\u00e1ig<\/h3>\n<figure id=\"attachment_39689\" aria-describedby=\"caption-attachment-39689\" style=\"width: 150px\" class=\"wp-caption alignleft\"><img loading=\"lazy\" decoding=\"async\" class=\"wp-image-39689 size-thumbnail\" src=\"https:\/\/acielouvertparis.org\/wp-content\/uploads\/2020\/11\/Marguerite_Kardos-Portrait_Home-Carre-150x150.jpg\" alt=\"Marguerite Kardos\" width=\"150\" height=\"150\" \/><figcaption id=\"caption-attachment-39689\" class=\"wp-caption-text\">Kardos Margit<\/figcaption><\/figure>\n<p><b>Ez az este k\u00fcl\u00f6n\u00f6sen azoknak sz\u00f3l, akik szeretn\u00e9nek t\u00f6bbet megtudni a P\u00e1rbesz\u00e9dek az angyallalr\u00f3l, \u00e9s akiket foglalkoztat, hogy vajon mennyire aktu\u00e1lis az \u00fczenet napjainkban.<\/b><\/p>\n<p style=\"text-align: center\"><i>Az est folyam\u00e1n el\u0151ad\u00e1sok, besz\u00e1mol\u00f3k, valamint k\u00e9rd\u00e9sek \u00e9s v\u00e1laszok hangzanak el.<\/i><\/p>\n<p>A P\u00e1rbesz\u00e9dek az angyallal egy spiritu\u00e1lis tan\u00edt\u00e1s \u00e1tirata, amelyet n\u00e9gy magyar bar\u00e1t kapott a m\u00e1sodik vil\u00e1gh\u00e1bor\u00fa alatt, akik vall\u00e1si hagyom\u00e1nyokon k\u00edv\u00fcl keresik \u00e9let\u00fck \u00e9rtelm\u00e9t. Ha a P\u00e1rbesz\u00e9dek az angyallal tov\u00e1bbra is rezon\u00e1l a mai zavaros id\u0151kre, az az\u00e9rt van, mert az ember m\u00e9g mindig keresi a hely\u00e9t \u00e9s felel\u0151ss\u00e9g\u00e9t a teremt\u00e9sben, mint h\u00edd a l\u00e1thatatlan, spiritu\u00e1lis vil\u00e1g \u00e9s a l\u00e1that\u00f3 vil\u00e1g k\u00f6z\u00f6tt.<\/p>\n<p>Hogyan fogadj\u00e1k ezt a 22 nyelvre leford\u00edtott k\u00f6nyvet ennyi k\u00fcl\u00f6nb\u00f6z\u0151 kult\u00far\u00e1ban? Hogyan seg\u00edthet nek\u00fcnk a P\u00e1rbesz\u00e9dek az angyallal a nagy v\u00e1ltoz\u00e1sok \u00e9s megpr\u00f3b\u00e1ltat\u00e1sok idej\u00e9n? Hogyan seg\u00edthet nek\u00fcnk az Angyal, hogy talpra \u00e1lljunk, \u00e9s visszanyerj\u00fck m\u00e9lt\u00f3s\u00e1gunkat \u00e9s vertikalit\u00e1sunkat egy sz\u00e9tt\u00f6redez\u0151 vil\u00e1ggal szemben? Hogyan k\u00e9pviseli, jobban, mint valaha, a rem\u00e9ny \u00e9s a hit \u00fczenet\u00e9t?<\/p>\n<p>A  c\u00edmen <b>Kardos Margit <\/b>, linguiste-orientaliste, sp\u00e9cialiste de Sumer et des m\u00e9decines sacr\u00e9es. D\u2019origine hongroise et amie proche de Gitta Mallasz, elle a particip\u00e9 \u00e0 la premi\u00e8re traduction de Dialogues avec l&rsquo;Ange parue en 1976. Elle est pr\u00e9sidente de l\u2019association ADDA qui s\u2019occupe de la diffusion de cet enseignement.<\/p>\n<p><em>A tal\u00e1lkoz\u00f3 mindenki sz\u00e1m\u00e1ra nyitott -<br \/>\n<\/em><\/p>\n<h4><\/h4>\n<h3><strong>Gyakorlati inform\u00e1ci\u00f3k<\/strong><\/h3>\n<ul>\n<li>Nyitva tart\u00e1s: 19:00-21:00<\/li>\n<li>Helysz\u00edn: Forum 104, 104rue de Vaugirard 75006 PARIS<\/li>\n<li>R\u00e9szv\u00e9tel 10 \u20ac<u><strong><br \/>\n<\/strong><\/u><\/li>\n<li>Regisztr\u00e1ci\u00f3 a f\u00f3rum honlapj\u00e1n <span style=\"color: #0000ff\"><a style=\"color: #0000ff\" href=\"https:\/\/www.forum104.org\/tous-evenements-a-venir-au-forum104\/vivre-ce-temps-de-transition-et-depreuve-avec-dialogues-avec-lange\"><span style=\"color: #00ccff\"><span style=\"color: #00ffff\"><span style=\"color: #ff0000\">itt<\/span><\/span><\/span><\/a><\/span><\/li>\n<\/ul>\n<p>&nbsp;<\/p>\n<h5><\/h5>\n<p>&nbsp;<\/p>","protected":false},"excerpt":{"rendered":"<p>Ez az este k\u00fcl\u00f6n\u00f6sen azoknak sz\u00f3l, akik szeretn\u00e9nek t\u00f6bbet megtudni a P\u00e1rbesz\u00e9dek az angyallalr\u00f3l, \u00e9s akiket foglalkoztat, hogy vajon mennyire aktu\u00e1lis az \u00fczenet napjainkban.<\/p>","protected":false},"author":6,"featured_media":9258,"template":"","meta":{"_tribe_events_status":"","_tribe_events_status_reason":"","footnotes":""},"tags":[27,34,33,41,42],"tribe_events_cat":[37,39],"class_list":["post-10106","tribe_events","type-tribe_events","status-publish","has-post-thumbnail","hentry","tag-dialogues-avec-lange","tag-lecture","tag-marguerite-kardos","tag-meditation","tag-spiritualite","tribe_events_cat-a-la-une","tribe_events_cat-rencontres","cat_a-la-une","cat_rencontres"],"blocksy_meta":[],"brizy_media":[],"_links":{"self":[{"href":"https:\/\/ad-dialoguesange.org\/hu\/wp-json\/wp\/v2\/tribe_events\/10106","targetHints":{"allow":["GET"]}}],"collection":[{"href":"https:\/\/ad-dialoguesange.org\/hu\/wp-json\/wp\/v2\/tribe_events"}],"about":[{"href":"https:\/\/ad-dialoguesange.org\/hu\/wp-json\/wp\/v2\/types\/tribe_events"}],"author":[{"embeddable":true,"href":"https:\/\/ad-dialoguesange.org\/hu\/wp-json\/wp\/v2\/users\/6"}],"version-history":[{"count":5,"href":"https:\/\/ad-dialoguesange.org\/hu\/wp-json\/wp\/v2\/tribe_events\/10106\/revisions"}],"predecessor-version":[{"id":10111,"href":"https:\/\/ad-dialoguesange.org\/hu\/wp-json\/wp\/v2\/tribe_events\/10106\/revisions\/10111"}],"wp:featuredmedia":[{"embeddable":true,"href":"https:\/\/ad-dialoguesange.org\/hu\/wp-json\/wp\/v2\/media\/9258"}],"wp:attachment":[{"href":"https:\/\/ad-dialoguesange.org\/hu\/wp-json\/wp\/v2\/media?parent=10106"}],"wp:term":[{"taxonomy":"post_tag","embeddable":true,"href":"https:\/\/ad-dialoguesange.org\/hu\/wp-json\/wp\/v2\/tags?post=10106"},{"taxonomy":"tribe_events_cat","embeddable":true,"href":"https:\/\/ad-dialoguesange.org\/hu\/wp-json\/wp\/v2\/tribe_events_cat?post=10106"}],"curies":[{"name":"wp","href":"https:\/\/api.w.org\/{rel}","templated":true}]}}

Tapasztald meg ezt az átmeneti időszakot a "Párbeszédek az angyallal" című előadással.

<h1 style="text-align: center">Fedezze fel a<br />
"Párbeszédek az angyallal</h1>
<h1 class="main" style="text-align: center">Átélni az átmenet és a megpróbáltatások időszakát<br />
párbeszédek az angyallal</h1>
<h4 style="text-align: center">a FORUM 104 szervezésében<br />
házigazdája</h4>
<h2 style="text-align: center">Kardos Margit</h2>
<h3 style="text-align: center">2023. február 9., csütörtök este 7-től 21 óráig</h3>
<figure id="attachment_39689" aria-describedby="caption-attachment-39689" style="width: 150px" class="wp-caption alignleft"><img loading="lazy" decoding="async" class="wp-image-39689 size-thumbnail" src="https://acielouvertparis.org/wp-content/uploads/2020/11/Marguerite_Kardos-Portrait_Home-Carre-150x150.jpg" alt="Marguerite Kardos" width="150" height="150" /><figcaption id="caption-attachment-39689" class="wp-caption-text">Kardos Margit</figcaption></figure>
<p><b>Ez az este különösen azoknak szól, akik szeretnének többet megtudni a Párbeszédek az angyallalról, és akiket foglalkoztat, hogy vajon mennyire aktuális az üzenet napjainkban.</b></p>
<p style="text-align: center"><i>Az est folyamán előadások, beszámolók, valamint kérdések és válaszok hangzanak el.</i></p>
<p>A Párbeszédek az angyallal egy spirituális tanítás átirata, amelyet négy magyar barát kapott a második világháború alatt, akik vallási hagyományokon kívül keresik életük értelmét. Ha a Párbeszédek az angyallal továbbra is rezonál a mai zavaros időkre, az azért van, mert az ember még mindig keresi a helyét és felelősségét a teremtésben, mint híd a láthatatlan, spirituális világ és a látható világ között.</p>
<p>Hogyan fogadják ezt a 22 nyelvre lefordított könyvet ennyi különböző kultúrában? Hogyan segíthet nekünk a Párbeszédek az angyallal a nagy változások és megpróbáltatások idején? Hogyan segíthet nekünk az Angyal, hogy talpra álljunk, és visszanyerjük méltóságunkat és vertikalitásunkat egy széttöredező világgal szemben? Hogyan képviseli, jobban, mint valaha, a remény és a hit üzenetét?</p>
<p>A  címen <b>Kardos Margit </b>, linguiste-orientaliste, spécialiste de Sumer et des médecines sacrées. D’origine hongroise et amie proche de Gitta Mallasz, elle a participé à la première traduction de Dialogues avec l&rsquo;Ange parue en 1976. Elle est présidente de l’association ADDA qui s’occupe de la diffusion de cet enseignement.</p>
<p><em>A találkozó mindenki számára nyitott -<br />
</em></p>
<h4></h4>
<h3><strong>Gyakorlati információk</strong></h3>
<ul>
<li>Nyitva tartás: 19:00-21:00</li>
<li>Helyszín: Forum 104, 104rue de Vaugirard 75006 PARIS</li>
<li>Részvétel 10 €<u><strong><br />
</strong></u></li>
<li>Regisztráció a fórum honlapján <span style="color: #0000ff"><a style="color: #0000ff" href="https://www.forum104.org/tous-evenements-a-venir-au-forum104/vivre-ce-temps-de-transition-et-depreuve-avec-dialogues-avec-lange"><span style="color: #00ccff"><span style="color: #00ffff"><span style="color: #ff0000">itt</span></span></span></a></span></li>
</ul>
<p>&nbsp;</p>
<h5></h5>
<p>&nbsp;</p>

<p>Ez az este különösen azoknak szól, akik szeretnének többet megtudni a Párbeszédek az angyallalról, és akiket foglalkoztat, hogy vajon mennyire aktuális az üzenet napjainkban.</p>
