{"id":12062,"date":"2022-01-01T20:00:09","date_gmt":"2022-01-01T19:00:09","guid":{"rendered":"https:\/\/ad-dialoguesange.org\/?post_type=tribe_events&#038;p=12062"},"modified":"2025-05-05T10:52:37","modified_gmt":"2025-05-05T08:52:37","slug":"perspectives-2024-2025-2024-05-26","status":"publish","type":"tribe_events","link":"https:\/\/ad-dialoguesange.org\/en\/event\/perspectives-2024-2025-2024-05-26\/","title":{"rendered":"ADDA- Outlook for 2024-2025"},"content":{"rendered":"<h1 style=\"text-align: center\">ADDA &#8211; Perspectives 2024-2025<\/h1>\n<p class=\"text-build-content\" style=\"text-align: center\" data-testid=\"3ztxR-BZ0C7dieBcx1zTC\"><b>We invite you to reflect together on the prospects for 2024-2025<\/b><\/p>\n<p class=\"text-build-content\" style=\"text-align: center\" data-testid=\"3ztxR-BZ0C7dieBcx1zTC\"><b>le dimanche 26 mai \u00e0 15h au Forum 104 \u00a0(salle marronniers) ou par visio-conf\u00e9rence &#8230;.<\/b><\/p>\n<p class=\"text-build-content\" style=\"text-align: center\" data-testid=\"3ztxR-BZ0C7dieBcx1zTC\">We will then reflect on the year 2023-2024, and share our ideas for moving forward in 2024-2025 towards this New World to which the Angel is constantly calling us.<\/p>\n<p style=\"text-align: center\"><em>Meeting open to all \u2013<br \/>\n<\/em><\/p>\n<h4><\/h4>\n<h3><\/h3>\n<h3><strong>Useful information<\/strong><\/h3>\n<ul>\n<li>Timetable: from 3pm to 5.30pm<\/li>\n<li>Location: Forum 104, 104 rue de Vaugirard 75006 PARIS<u><strong><br \/>\n<\/strong><\/u><\/li>\n<li>Zoom link : <a href=\"http:\/\/265y.mj.am\/lnk\/AUwAAECaKgwAAcw2nygAAJr29YEAAYCr9GYAnL_MAAMjFABmQdGAPM5mO6AwTlmPpZ9BhedAJwADAOs\/3\/bWkH0uhgyoSMMh7U672B-Q\/aHR0cHM6Ly91czA2d2ViLnpvb20udXMvai84NTAyMzk2MjQ3NT9wd2Q9aGdEWFhiMDU5VFBWbm1ZTDBoaFhhSjlPY2xYSFFaLjE\">click here<\/a><br \/>\nID r\u00e9union: 850 2396 2475 &#8211; code : 590260<\/li>\n<\/ul>","protected":false},"excerpt":{"rendered":"<p>Venez r\u00e9fl\u00e9chir avec nous aux perspectives pour l&rsquo;ann\u00e9e 2024-2025<\/p>","protected":false},"author":6,"featured_media":12067,"template":"","meta":{"_tribe_events_status":"","_tribe_events_status_reason":"","footnotes":""},"tags":[27,34,33,41,42],"tribe_events_cat":[37,39],"class_list":["post-12062","tribe_events","type-tribe_events","status-publish","has-post-thumbnail","hentry","tag-dialogues-avec-lange","tag-lecture","tag-marguerite-kardos","tag-meditation","tag-spiritualite","tribe_events_cat-a-la-une","tribe_events_cat-rencontres","cat_a-la-une","cat_rencontres"],"blocksy_meta":[],"brizy_media":[],"_links":{"self":[{"href":"https:\/\/ad-dialoguesange.org\/en\/wp-json\/wp\/v2\/tribe_events\/12062","targetHints":{"allow":["GET"]}}],"collection":[{"href":"https:\/\/ad-dialoguesange.org\/en\/wp-json\/wp\/v2\/tribe_events"}],"about":[{"href":"https:\/\/ad-dialoguesange.org\/en\/wp-json\/wp\/v2\/types\/tribe_events"}],"author":[{"embeddable":true,"href":"https:\/\/ad-dialoguesange.org\/en\/wp-json\/wp\/v2\/users\/6"}],"version-history":[{"count":4,"href":"https:\/\/ad-dialoguesange.org\/en\/wp-json\/wp\/v2\/tribe_events\/12062\/revisions"}],"predecessor-version":[{"id":12069,"href":"https:\/\/ad-dialoguesange.org\/en\/wp-json\/wp\/v2\/tribe_events\/12062\/revisions\/12069"}],"wp:featuredmedia":[{"embeddable":true,"href":"https:\/\/ad-dialoguesange.org\/en\/wp-json\/wp\/v2\/media\/12067"}],"wp:attachment":[{"href":"https:\/\/ad-dialoguesange.org\/en\/wp-json\/wp\/v2\/media?parent=12062"}],"wp:term":[{"taxonomy":"post_tag","embeddable":true,"href":"https:\/\/ad-dialoguesange.org\/en\/wp-json\/wp\/v2\/tags?post=12062"},{"taxonomy":"tribe_events_cat","embeddable":true,"href":"https:\/\/ad-dialoguesange.org\/en\/wp-json\/wp\/v2\/tribe_events_cat?post=12062"}],"curies":[{"name":"wp","href":"https:\/\/api.w.org\/{rel}","templated":true}]}}

<h1 style="text-align: center">ADDA &#8211; Perspectives 2024-2025</h1>
<p class="text-build-content" style="text-align: center" data-testid="3ztxR-BZ0C7dieBcx1zTC"><b>We invite you to reflect together on the prospects for 2024-2025</b></p>
<p class="text-build-content" style="text-align: center" data-testid="3ztxR-BZ0C7dieBcx1zTC"><b>le dimanche 26 mai à 15h au Forum 104  (salle marronniers) ou par visio-conférence &#8230;.</b></p>
<p class="text-build-content" style="text-align: center" data-testid="3ztxR-BZ0C7dieBcx1zTC">We will then reflect on the year 2023-2024, and share our ideas for moving forward in 2024-2025 towards this New World to which the Angel is constantly calling us.</p>
<p style="text-align: center"><em>Meeting open to all –<br />
</em></p>
<h4></h4>
<h3></h3>
<h3><strong>Useful information</strong></h3>
<ul>
<li>Timetable: from 3pm to 5.30pm</li>
<li>Location: Forum 104, 104 rue de Vaugirard 75006 PARIS<u><strong><br />
</strong></u></li>
<li>Zoom link : <a href="http://265y.mj.am/lnk/AUwAAECaKgwAAcw2nygAAJr29YEAAYCr9GYAnL_MAAMjFABmQdGAPM5mO6AwTlmPpZ9BhedAJwADAOs/3/bWkH0uhgyoSMMh7U672B-Q/aHR0cHM6Ly91czA2d2ViLnpvb20udXMvai84NTAyMzk2MjQ3NT9wd2Q9aGdEWFhiMDU5VFBWbm1ZTDBoaFhhSjlPY2xYSFFaLjE">click here</a><br />
ID réunion: 850 2396 2475 &#8211; code : 590260</li>
</ul>

<p>Venez réfléchir avec nous aux perspectives pour l&rsquo;année 2024-2025</p>
