{"id":11040,"date":"2022-10-01T20:00:09","date_gmt":"2022-10-01T18:00:09","guid":{"rendered":"https:\/\/ad-dialoguesange.org\/?post_type=tribe_events&#038;p=11040"},"modified":"2025-05-05T10:52:38","modified_gmt":"2025-05-05T08:52:38","slug":"meditation-da-aurelie-chalbos-gabriel-feat-5-octobre-20242024-06-21-2","status":"publish","type":"tribe_events","link":"https:\/\/ad-dialoguesange.org\/en\/event\/meditation-da-aurelie-chalbos-gabriel-feat-5-octobre-20242024-06-21-2\/","title":{"rendered":"Meditation and sound journey around the book \"Dialogues avec l'Ange\" (Dialogues with the Angel)"},"content":{"rendered":"<h1 style=\"text-align: center\"><span style=\"color: #800080\">Welcoming the New<\/span><\/h1>\n<h3 style=\"text-align: center\"><span style=\"color: #800080\">Meditation and sound journey around the book \"Dialogues avec l'Ange\" (Dialogues with the Angel)<\/span><\/h3>\n<h4 style=\"text-align: center\"><span style=\"color: #800080\">Animated by<\/span><\/h4>\n<h2 style=\"text-align: center\"><span style=\"color: #800080\">Aur\u00e9lie Chalbos &amp; Gabriel Feat<\/span><\/h2>\n<h4 style=\"text-align: center\"><span style=\"color: #800080\">Thursday 5 October 2023, 8pm to 10pm<\/span><\/h4>\n<h5 style=\"text-align: center\"><span style=\"color: #800080\">At the City of Consciences (Paris)<\/span><\/h5>\n<p>A time of meditation guided by the readings from the Dialogues with the Angel, with time given over to silence and sound to allow a deeper integration of these burning words. This teaching from the angels opens up new eyes and ears, giving access to the unknown within ourselves, in the service of the New to be welcomed within us, awakening contact with our inner guide to help us accomplish our unique task.<\/p>\n<p>Meditations, questioning, inner movement through the resonance of the text with the experience of each person, accompanied by moments of integration to the sounds of the bowls, the didgeridoo or the gong will be guided by this message of hope and faith, which resonates in our time of transition with a burning topicality.<\/p>\n<p>A meditative invitation to share in communion with the millions of readers around the world who feed off <em>Talking with Angels<\/em>already translated into 22 languages.<\/p>\n<p><em>This event is open to members of the Cit\u00e9 des Consciences association (membership is available by registering online or on site).<\/em><\/p>\n<h3>Speakers<\/h3>\n<figure id=\"attachment_11107\" aria-describedby=\"caption-attachment-11107\" style=\"width: 150px\" class=\"wp-caption alignleft\"><img loading=\"lazy\" decoding=\"async\" class=\"wp-image-11107 size-full\" src=\"https:\/\/ad-dialoguesange.org\/wp-content\/uploads\/2023\/10\/Aurelie_Chalbos-Portrait-600x600-1-150x150-1.jpg\" alt=\"\" width=\"150\" height=\"150\" srcset=\"https:\/\/ad-dialoguesange.org\/wp-content\/uploads\/2023\/10\/Aurelie_Chalbos-Portrait-600x600-1-150x150-1.jpg 150w, https:\/\/ad-dialoguesange.org\/wp-content\/uploads\/2023\/10\/Aurelie_Chalbos-Portrait-600x600-1-150x150-1-12x12.jpg 12w\" sizes=\"auto, (max-width: 150px) 100vw, 150px\" \/><figcaption id=\"caption-attachment-11107\" class=\"wp-caption-text\"><strong>Aurelie Chalbos<\/strong><\/figcaption><\/figure>\n<p>&nbsp;<\/p>\n<p>Co-founder of Cit\u00e9 des Consciences and \u00c0 Ciel Ouvert TV,<br \/>\nChinese energy body-psychotherapist,<br \/>\nTuina massage, sacred tango, Qi Gong and professional coaching.<\/p>\n<p>&nbsp;<\/p>\n<p>&nbsp;<\/p>\n<p>&nbsp;<\/p>\n<figure id=\"attachment_11108\" aria-describedby=\"caption-attachment-11108\" style=\"width: 150px\" class=\"wp-caption alignleft\"><img loading=\"lazy\" decoding=\"async\" class=\"wp-image-11108\" src=\"https:\/\/ad-dialoguesange.org\/wp-content\/uploads\/2023\/10\/gabriel-feat-dj-portrait-150x150-1.jpg\" alt=\"\" width=\"150\" height=\"150\" srcset=\"https:\/\/ad-dialoguesange.org\/wp-content\/uploads\/2023\/10\/gabriel-feat-dj-portrait-150x150-1.jpg 150w, https:\/\/ad-dialoguesange.org\/wp-content\/uploads\/2023\/10\/gabriel-feat-dj-portrait-150x150-1-12x12.jpg 12w\" sizes=\"auto, (max-width: 150px) 100vw, 150px\" \/><figcaption id=\"caption-attachment-11108\" class=\"wp-caption-text\"><strong>Gabriel Feat<\/strong><\/figcaption><\/figure>\n<p>&nbsp;<\/p>\n<p>Singer, multi-instrumentalist and composer,<br \/>\nsinging and sound yoga teacher.<\/p>\n<h3><\/h3>\n<h3><\/h3>\n<h3><\/h3>\n<h3>Useful information<\/h3>\n<h5>Schedule<\/h5>\n<p>An evening meeting from 8 to 10 pm:<\/p>\n<ul>\n<li>Reception from 7.45pm;<\/li>\n<li>The evening begins at 8.00 pm;<\/li>\n<li>The event ends at around 10pm.<\/li>\n<\/ul>\n<p>Next meetings: Thursdays 30 November, 21 December 2023, 18 January, 1 February, 7 March, 4 April, 30 May &amp; 13 June 2024.<\/p>\n<h5>Rates<\/h5>\n<ul>\n<li><span id=\"ctl00_i_cphContenu_i_ucContenuPage_i_dlContenu_ctl00_ctl00_i_tcProgramme_i_tbPrix_i_rptTarifs_ctl01_i_lblTarif\">Support rate (to support reduced and youth rates): \u20ac20<\/span><\/li>\n<li>Standard price: \u20ac15<\/li>\n<li>Reduced rate (low budget): \u20ac10<\/li>\n<\/ul>\n<p><strong>Membership of the association \"La Cit\u00e9 des Consciences\" is compulsory (online or on site, from \u20ac15).<\/strong><\/p>\n<h5>Location<\/h5>\n<p>To\u00a0<a href=\"https:\/\/lacitedesconsciences.fr\/\" target=\"_blank\" rel=\"noopener noreferrer\">the city of consciences<\/a>Located in the heart of Paris, on the \u00cele-de-la-Cit\u00e9, a stone's throw from Notre-Dame Cathedral, 24 rue Chanoinesse 75004 Paris.<\/p>\n<h4>Registration<\/h4>\n<p>Pour vous inscrire \u00e0 l&rsquo;\u00e9v\u00e8nement\u00a0 cliquez sur le bouton ci-dessous pour rejoindre la page d&rsquo;inscription sur le site de La Cit\u00e9 des Consciences<br \/>\n<a href=\"https:\/\/lacitedesconsciences.fr\/event\/accueillir-le-nouveau-aurelie-chalbos-gabriel-feat-5-octobre-2023\/\" target=\"_blank\" rel=\"noopener noreferrer\"><img loading=\"lazy\" decoding=\"async\" class=\"aligncenter wp-image-40451 size-medium\" src=\"https:\/\/ad-dialoguesange.org\/wp-content\/uploads\/2021\/11\/ADDA-Bouton-Inscription-512-300x65-1.png\" alt=\"JE M'INSCRIS\" width=\"300\" height=\"65\" \/><\/a><\/p>","protected":false},"excerpt":{"rendered":"<p>A time of meditation guided by readings from the Dialogues with the Angel, with time for silence and sound to allow these burning words to sink in more deeply.<\/p>","protected":false},"author":6,"featured_media":11109,"template":"","meta":{"_tribe_events_status":"","_tribe_events_status_reason":"","footnotes":""},"tags":[27,34,41,42,35],"tribe_events_cat":[37,39],"class_list":["post-11040","tribe_events","type-tribe_events","status-publish","has-post-thumbnail","hentry","tag-dialogues-avec-lange","tag-lecture","tag-meditation","tag-spiritualite","tag-visioconference","tribe_events_cat-a-la-une","tribe_events_cat-rencontres","cat_a-la-une","cat_rencontres"],"blocksy_meta":[],"brizy_media":[],"_links":{"self":[{"href":"https:\/\/ad-dialoguesange.org\/en\/wp-json\/wp\/v2\/tribe_events\/11040","targetHints":{"allow":["GET"]}}],"collection":[{"href":"https:\/\/ad-dialoguesange.org\/en\/wp-json\/wp\/v2\/tribe_events"}],"about":[{"href":"https:\/\/ad-dialoguesange.org\/en\/wp-json\/wp\/v2\/types\/tribe_events"}],"author":[{"embeddable":true,"href":"https:\/\/ad-dialoguesange.org\/en\/wp-json\/wp\/v2\/users\/6"}],"version-history":[{"count":6,"href":"https:\/\/ad-dialoguesange.org\/en\/wp-json\/wp\/v2\/tribe_events\/11040\/revisions"}],"predecessor-version":[{"id":11110,"href":"https:\/\/ad-dialoguesange.org\/en\/wp-json\/wp\/v2\/tribe_events\/11040\/revisions\/11110"}],"wp:featuredmedia":[{"embeddable":true,"href":"https:\/\/ad-dialoguesange.org\/en\/wp-json\/wp\/v2\/media\/11109"}],"wp:attachment":[{"href":"https:\/\/ad-dialoguesange.org\/en\/wp-json\/wp\/v2\/media?parent=11040"}],"wp:term":[{"taxonomy":"post_tag","embeddable":true,"href":"https:\/\/ad-dialoguesange.org\/en\/wp-json\/wp\/v2\/tags?post=11040"},{"taxonomy":"tribe_events_cat","embeddable":true,"href":"https:\/\/ad-dialoguesange.org\/en\/wp-json\/wp\/v2\/tribe_events_cat?post=11040"}],"curies":[{"name":"wp","href":"https:\/\/api.w.org\/{rel}","templated":true}]}}

<h1 style="text-align: center"><span style="color: #800080">Welcoming the New</span></h1>
<h3 style="text-align: center"><span style="color: #800080">Meditation and sound journey around the book "Dialogues avec l'Ange" (Dialogues with the Angel)</span></h3>
<h4 style="text-align: center"><span style="color: #800080">Animated by</span></h4>
<h2 style="text-align: center"><span style="color: #800080">Aurélie Chalbos &amp; Gabriel Feat</span></h2>
<h4 style="text-align: center"><span style="color: #800080">Thursday 5 October 2023, 8pm to 10pm</span></h4>
<h5 style="text-align: center"><span style="color: #800080">At the City of Consciences (Paris)</span></h5>
<p>A time of meditation guided by the readings from the Dialogues with the Angel, with time given over to silence and sound to allow a deeper integration of these burning words. This teaching from the angels opens up new eyes and ears, giving access to the unknown within ourselves, in the service of the New to be welcomed within us, awakening contact with our inner guide to help us accomplish our unique task.</p>
<p>Meditations, questioning, inner movement through the resonance of the text with the experience of each person, accompanied by moments of integration to the sounds of the bowls, the didgeridoo or the gong will be guided by this message of hope and faith, which resonates in our time of transition with a burning topicality.</p>
<p>A meditative invitation to share in communion with the millions of readers around the world who feed off <em>Talking with Angels</em>already translated into 22 languages.</p>
<p><em>This event is open to members of the Cité des Consciences association (membership is available by registering online or on site).</em></p>
<h3>Speakers</h3>
<figure id="attachment_11107" aria-describedby="caption-attachment-11107" style="width: 150px" class="wp-caption alignleft"><img loading="lazy" decoding="async" class="wp-image-11107 size-full" src="https://ad-dialoguesange.org/wp-content/uploads/2023/10/Aurelie_Chalbos-Portrait-600x600-1-150x150-1.jpg" alt="" width="150" height="150" srcset="https://ad-dialoguesange.org/wp-content/uploads/2023/10/Aurelie_Chalbos-Portrait-600x600-1-150x150-1.jpg 150w, https://ad-dialoguesange.org/wp-content/uploads/2023/10/Aurelie_Chalbos-Portrait-600x600-1-150x150-1-12x12.jpg 12w" sizes="auto, (max-width: 150px) 100vw, 150px" /><figcaption id="caption-attachment-11107" class="wp-caption-text"><strong>Aurelie Chalbos</strong></figcaption></figure>
<p>&nbsp;</p>
<p>Co-founder of Cité des Consciences and À Ciel Ouvert TV,<br />
Chinese energy body-psychotherapist,<br />
Tuina massage, sacred tango, Qi Gong and professional coaching.</p>
<p>&nbsp;</p>
<p>&nbsp;</p>
<p>&nbsp;</p>
<figure id="attachment_11108" aria-describedby="caption-attachment-11108" style="width: 150px" class="wp-caption alignleft"><img loading="lazy" decoding="async" class="wp-image-11108" src="https://ad-dialoguesange.org/wp-content/uploads/2023/10/gabriel-feat-dj-portrait-150x150-1.jpg" alt="" width="150" height="150" srcset="https://ad-dialoguesange.org/wp-content/uploads/2023/10/gabriel-feat-dj-portrait-150x150-1.jpg 150w, https://ad-dialoguesange.org/wp-content/uploads/2023/10/gabriel-feat-dj-portrait-150x150-1-12x12.jpg 12w" sizes="auto, (max-width: 150px) 100vw, 150px" /><figcaption id="caption-attachment-11108" class="wp-caption-text"><strong>Gabriel Feat</strong></figcaption></figure>
<p>&nbsp;</p>
<p>Singer, multi-instrumentalist and composer,<br />
singing and sound yoga teacher.</p>
<h3></h3>
<h3></h3>
<h3></h3>
<h3>Useful information</h3>
<h5>Schedule</h5>
<p>An evening meeting from 8 to 10 pm:</p>
<ul>
<li>Reception from 7.45pm;</li>
<li>The evening begins at 8.00 pm;</li>
<li>The event ends at around 10pm.</li>
</ul>
<p>Next meetings: Thursdays 30 November, 21 December 2023, 18 January, 1 February, 7 March, 4 April, 30 May &amp; 13 June 2024.</p>
<h5>Rates</h5>
<ul>
<li><span id="ctl00_i_cphContenu_i_ucContenuPage_i_dlContenu_ctl00_ctl00_i_tcProgramme_i_tbPrix_i_rptTarifs_ctl01_i_lblTarif">Support rate (to support reduced and youth rates): €20</span></li>
<li>Standard price: €15</li>
<li>Reduced rate (low budget): €10</li>
</ul>
<p><strong>Membership of the association "La Cité des Consciences" is compulsory (online or on site, from €15).</strong></p>
<h5>Location</h5>
<p>To <a href="https://lacitedesconsciences.fr/" target="_blank" rel="noopener noreferrer">the city of consciences</a>Located in the heart of Paris, on the Île-de-la-Cité, a stone's throw from Notre-Dame Cathedral, 24 rue Chanoinesse 75004 Paris.</p>
<h4>Registration</h4>
<p>Pour vous inscrire à l&rsquo;évènement  cliquez sur le bouton ci-dessous pour rejoindre la page d&rsquo;inscription sur le site de La Cité des Consciences<br />
<a href="https://lacitedesconsciences.fr/event/accueillir-le-nouveau-aurelie-chalbos-gabriel-feat-5-octobre-2023/" target="_blank" rel="noopener noreferrer"><img loading="lazy" decoding="async" class="aligncenter wp-image-40451 size-medium" src="https://ad-dialoguesange.org/wp-content/uploads/2021/11/ADDA-Bouton-Inscription-512-300x65-1.png" alt="JE M'INSCRIS" width="300" height="65" /></a></p>
