{"id":10106,"date":"2022-01-01T20:00:09","date_gmt":"2022-01-01T19:00:09","guid":{"rendered":"https:\/\/ad-dialoguesange.org\/?post_type=tribe_events&#038;p=10106"},"modified":"2025-05-05T10:52:39","modified_gmt":"2025-05-05T08:52:39","slug":"forum-104-decouvrir-dialogues-avec-lange-marguerite-kardos-2023-02-09","status":"publish","type":"tribe_events","link":"https:\/\/ad-dialoguesange.org\/en\/event\/forum-104-decouvrir-dialogues-avec-lange-marguerite-kardos-2023-02-09\/","title":{"rendered":"Live this time of transition with &quot;Dialogues with the Angel&quot;"},"content":{"rendered":"<h1 style=\"text-align: center\">Discover<br \/>\n&quot;Dialogues with the Angel&quot;<\/h1>\n<h1 class=\"main\" style=\"text-align: center\">Living through this time of transition and trial<br \/>\nwith Dialogues with the Angel<\/h1>\n<h4 style=\"text-align: center\">organised by FORUM 104<br \/>\nhosted by<\/h4>\n<h2 style=\"text-align: center\">Marguerite Kardos<\/h2>\n<h3 style=\"text-align: center\">Thursday 9 February 2023 from 7pm to 9pm<\/h3>\n<figure id=\"attachment_39689\" aria-describedby=\"caption-attachment-39689\" style=\"width: 150px\" class=\"wp-caption alignleft\"><img loading=\"lazy\" decoding=\"async\" class=\"wp-image-39689 size-thumbnail\" src=\"https:\/\/acielouvertparis.org\/wp-content\/uploads\/2020\/11\/Marguerite_Kardos-Portrait_Home-Carre-150x150.jpg\" alt=\"Marguerite Kardos\" width=\"150\" height=\"150\" \/><figcaption id=\"caption-attachment-39689\" class=\"wp-caption-text\">Marguerite Kardos<\/figcaption><\/figure>\n<p><b>This evening is intended particularly for people who wish to discover or learn more about Dialogues with the Angel, and who wonder about the topicality of its message for our time.<\/b><\/p>\n<p style=\"text-align: center\"><i>The evening will include presentations, testimonials and questions and answers.<\/i><\/p>\n<p>Dialogues with the Angel is the transcription of a spiritual teaching received during the Second World War by four Hungarian friends in search of meaning for their lives, outside any religious tradition. If Dialogues with the Angel continues to resonate with our troubled times, it's because man is still seeking his place and responsibility in creation as a bridge between the invisible, spiritual world and the visible world.<\/p>\n<p>How can this book, translated into 22 languages, be received in so many different cultures? How can Dialogues with the Angel help us through this time of great change and trial? How can the Angel help us to stand tall and regain our dignity and verticality in the face of a fragmenting world? How does he represent, more than ever, a message of hope and faith?<\/p>\n<p>With <b>Marguerite Kardos <\/b>, linguiste-orientaliste, sp\u00e9cialiste de Sumer et des m\u00e9decines sacr\u00e9es. D\u2019origine hongroise et amie proche de Gitta Mallasz, elle a particip\u00e9 \u00e0 la premi\u00e8re traduction de Dialogues avec l&rsquo;Ange parue en 1976. Elle est pr\u00e9sidente de l\u2019association ADDA qui s\u2019occupe de la diffusion de cet enseignement.<\/p>\n<p><em>Meeting open to all \u2013<br \/>\n<\/em><\/p>\n<h4><\/h4>\n<h3><strong>Useful information<\/strong><\/h3>\n<ul>\n<li>Opening hours: 7pm to 9pm<\/li>\n<li>Location: Forum 104, 104 rue de Vaugirard 75006 PARIS<\/li>\n<li>Participation \u20ac10<u><strong><br \/>\n<\/strong><\/u><\/li>\n<li>Registration on the Forum website <span style=\"color: #0000ff\"><a style=\"color: #0000ff\" href=\"https:\/\/www.forum104.org\/tous-evenements-a-venir-au-forum104\/vivre-ce-temps-de-transition-et-depreuve-avec-dialogues-avec-lange\"><span style=\"color: #00ccff\"><span style=\"color: #00ffff\"><span style=\"color: #ff0000\">here<\/span><\/span><\/span><\/a><\/span><\/li>\n<\/ul>\n<p>&nbsp;<\/p>\n<h5><\/h5>\n<p>&nbsp;<\/p>","protected":false},"excerpt":{"rendered":"<p>This evening is intended particularly for people who wish to discover or learn more about Dialogues with the Angel, and who wonder about the topicality of its message for our time.<\/p>","protected":false},"author":6,"featured_media":9258,"template":"","meta":{"_tribe_events_status":"","_tribe_events_status_reason":"","footnotes":""},"tags":[27,34,33,41,42],"tribe_events_cat":[37,39],"class_list":["post-10106","tribe_events","type-tribe_events","status-publish","has-post-thumbnail","hentry","tag-dialogues-avec-lange","tag-lecture","tag-marguerite-kardos","tag-meditation","tag-spiritualite","tribe_events_cat-a-la-une","tribe_events_cat-rencontres","cat_a-la-une","cat_rencontres"],"blocksy_meta":[],"brizy_media":[],"_links":{"self":[{"href":"https:\/\/ad-dialoguesange.org\/en\/wp-json\/wp\/v2\/tribe_events\/10106","targetHints":{"allow":["GET"]}}],"collection":[{"href":"https:\/\/ad-dialoguesange.org\/en\/wp-json\/wp\/v2\/tribe_events"}],"about":[{"href":"https:\/\/ad-dialoguesange.org\/en\/wp-json\/wp\/v2\/types\/tribe_events"}],"author":[{"embeddable":true,"href":"https:\/\/ad-dialoguesange.org\/en\/wp-json\/wp\/v2\/users\/6"}],"version-history":[{"count":5,"href":"https:\/\/ad-dialoguesange.org\/en\/wp-json\/wp\/v2\/tribe_events\/10106\/revisions"}],"predecessor-version":[{"id":10111,"href":"https:\/\/ad-dialoguesange.org\/en\/wp-json\/wp\/v2\/tribe_events\/10106\/revisions\/10111"}],"wp:featuredmedia":[{"embeddable":true,"href":"https:\/\/ad-dialoguesange.org\/en\/wp-json\/wp\/v2\/media\/9258"}],"wp:attachment":[{"href":"https:\/\/ad-dialoguesange.org\/en\/wp-json\/wp\/v2\/media?parent=10106"}],"wp:term":[{"taxonomy":"post_tag","embeddable":true,"href":"https:\/\/ad-dialoguesange.org\/en\/wp-json\/wp\/v2\/tags?post=10106"},{"taxonomy":"tribe_events_cat","embeddable":true,"href":"https:\/\/ad-dialoguesange.org\/en\/wp-json\/wp\/v2\/tribe_events_cat?post=10106"}],"curies":[{"name":"wp","href":"https:\/\/api.w.org\/{rel}","templated":true}]}}

<h1 style="text-align: center">Discover<br />
&quot;Dialogues with the Angel&quot;</h1>
<h1 class="main" style="text-align: center">Living through this time of transition and trial<br />
with Dialogues with the Angel</h1>
<h4 style="text-align: center">organised by FORUM 104<br />
hosted by</h4>
<h2 style="text-align: center">Marguerite Kardos</h2>
<h3 style="text-align: center">Thursday 9 February 2023 from 7pm to 9pm</h3>
<figure id="attachment_39689" aria-describedby="caption-attachment-39689" style="width: 150px" class="wp-caption alignleft"><img loading="lazy" decoding="async" class="wp-image-39689 size-thumbnail" src="https://acielouvertparis.org/wp-content/uploads/2020/11/Marguerite_Kardos-Portrait_Home-Carre-150x150.jpg" alt="Marguerite Kardos" width="150" height="150" /><figcaption id="caption-attachment-39689" class="wp-caption-text">Marguerite Kardos</figcaption></figure>
<p><b>This evening is intended particularly for people who wish to discover or learn more about Dialogues with the Angel, and who wonder about the topicality of its message for our time.</b></p>
<p style="text-align: center"><i>The evening will include presentations, testimonials and questions and answers.</i></p>
<p>Dialogues with the Angel is the transcription of a spiritual teaching received during the Second World War by four Hungarian friends in search of meaning for their lives, outside any religious tradition. If Dialogues with the Angel continues to resonate with our troubled times, it's because man is still seeking his place and responsibility in creation as a bridge between the invisible, spiritual world and the visible world.</p>
<p>How can this book, translated into 22 languages, be received in so many different cultures? How can Dialogues with the Angel help us through this time of great change and trial? How can the Angel help us to stand tall and regain our dignity and verticality in the face of a fragmenting world? How does he represent, more than ever, a message of hope and faith?</p>
<p>With <b>Marguerite Kardos </b>, linguiste-orientaliste, spécialiste de Sumer et des médecines sacrées. D’origine hongroise et amie proche de Gitta Mallasz, elle a participé à la première traduction de Dialogues avec l&rsquo;Ange parue en 1976. Elle est présidente de l’association ADDA qui s’occupe de la diffusion de cet enseignement.</p>
<p><em>Meeting open to all –<br />
</em></p>
<h4></h4>
<h3><strong>Useful information</strong></h3>
<ul>
<li>Opening hours: 7pm to 9pm</li>
<li>Location: Forum 104, 104 rue de Vaugirard 75006 PARIS</li>
<li>Participation €10<u><strong><br />
</strong></u></li>
<li>Registration on the Forum website <span style="color: #0000ff"><a style="color: #0000ff" href="https://www.forum104.org/tous-evenements-a-venir-au-forum104/vivre-ce-temps-de-transition-et-depreuve-avec-dialogues-avec-lange"><span style="color: #00ccff"><span style="color: #00ffff"><span style="color: #ff0000">here</span></span></span></a></span></li>
</ul>
<p>&nbsp;</p>
<h5></h5>
<p>&nbsp;</p>
